{"id":85335,"date":"2021-01-22T20:52:07","date_gmt":"2021-01-22T20:52:07","guid":{"rendered":"https:\/\/ifoffice.pt\/produto\/import-placeholder-for-72375\/"},"modified":"2026-04-01T15:27:06","modified_gmt":"2026-04-01T15:27:06","slug":"pintura-latex-la-pajarita-f-02-laranja-fluorescente-75ml","status":"publish","type":"product","link":"https:\/\/ifoffice.pt\/?product=pintura-latex-la-pajarita-f-02-laranja-fluorescente-75ml","title":{"rendered":"Pintura latex la pajarita f-02 laranja fluorescente 75ml"},"content":{"rendered":"<p>Pintura acr\u00edlica com base de \u00e1gua. Acabamento brilhante. Gama de cores at\u00e9 quatro vezes mais luminosas que as cores normais. Iluminam-se com &#8220;luz preta&#8221;.  Vis\u00edvel em niveis de ilumina\u00e7\u00e3o onde outras pinturas correntes perdem a cor. \u00c9 perfeita para todo tipo de decora\u00e7\u00f5es de interiores e para trabalhos de teatro  preto. Aplic\u00e1vel em m\u00faltiplas superf\u00edcies: len\u00e7os, madeira, papel, cart\u00e3o, corti\u00e7a etc&#8217; F\u00e1cil limpeza com sab\u00e3o e \u00e1gua. Frascos de 75 ml.<\/p>\n","protected":false},"excerpt":{"rendered":"<p>PACK DE 6 UNIDADES<\/p>\n","protected":false},"featured_media":120288,"comment_status":"closed","ping_status":"closed","template":"","meta":{"neve_meta_sidebar":"","neve_meta_container":"","neve_meta_enable_content_width":"off","neve_meta_content_width":0,"neve_meta_title_alignment":"","neve_meta_author_avatar":"","neve_post_elements_order":"","neve_meta_disable_header":"","neve_meta_disable_footer":"","neve_meta_disable_title":""},"product_brand":[],"product_cat":[1910],"product_tag":[2221],"class_list":{"0":"post-85335","1":"product","2":"type-product","3":"status-publish","4":"has-post-thumbnail","6":"product_cat-pinturas","7":"product_tag-pintura-latex","9":"first","10":"instock","11":"taxable","12":"shipping-taxable","13":"purchasable","14":"product-type-simple"},"_links":{"self":[{"href":"https:\/\/ifoffice.pt\/index.php?rest_route=\/wp\/v2\/product\/85335","targetHints":{"allow":["GET"]}}],"collection":[{"href":"https:\/\/ifoffice.pt\/index.php?rest_route=\/wp\/v2\/product"}],"about":[{"href":"https:\/\/ifoffice.pt\/index.php?rest_route=\/wp\/v2\/types\/product"}],"replies":[{"embeddable":true,"href":"https:\/\/ifoffice.pt\/index.php?rest_route=%2Fwp%2Fv2%2Fcomments&post=85335"}],"wp:featuredmedia":[{"embeddable":true,"href":"https:\/\/ifoffice.pt\/index.php?rest_route=\/wp\/v2\/media\/120288"}],"wp:attachment":[{"href":"https:\/\/ifoffice.pt\/index.php?rest_route=%2Fwp%2Fv2%2Fmedia&parent=85335"}],"wp:term":[{"taxonomy":"product_brand","embeddable":true,"href":"https:\/\/ifoffice.pt\/index.php?rest_route=%2Fwp%2Fv2%2Fproduct_brand&post=85335"},{"taxonomy":"product_cat","embeddable":true,"href":"https:\/\/ifoffice.pt\/index.php?rest_route=%2Fwp%2Fv2%2Fproduct_cat&post=85335"},{"taxonomy":"product_tag","embeddable":true,"href":"https:\/\/ifoffice.pt\/index.php?rest_route=%2Fwp%2Fv2%2Fproduct_tag&post=85335"}],"curies":[{"name":"wp","href":"https:\/\/api.w.org\/{rel}","templated":true}]}}