{"id":84937,"date":"2021-01-22T20:49:29","date_gmt":"2021-01-22T20:49:29","guid":{"rendered":"https:\/\/ifoffice.pt\/produto\/import-placeholder-for-73034\/"},"modified":"2026-02-23T13:17:00","modified_gmt":"2026-02-23T13:17:00","slug":"mesa-de-escritorio-rocada-metal-2002ac01-aluminio-faia-160x80-cm","status":"publish","type":"product","link":"https:\/\/ifoffice.pt\/?product=mesa-de-escritorio-rocada-metal-2002ac01-aluminio-faia-160x80-cm","title":{"rendered":"Mesa de escritorio rocada metal 2002ac01 aluminio \/faia 160&#215;80 cm"},"content":{"rendered":"<p>SUPERF\u00cdCIE DA MESA: melam\u00ednico sobre aglomerado de 25 mm de espessura, com canto de PVC de 2 mm. Acabamentos em faia, cinza, wengu\u00e9 e branco. Superf\u00edcies com cantos retos. ESTRUTURA: elaborada em placa de a\u00e7o dobrada e estampada com acabamentos pintado em epoxy cinza. Com sistema de eletrifica\u00e7\u00e3o interna. Sistema telesc\u00f3pico que permite uma regula\u00e7\u00e3o de altura de 100 mm.<\/p>\n","protected":false},"excerpt":{"rendered":"<p>Mesa de escritorio rocada metal 2002ac01 aluminio \/faia 160&#215;80 cm<\/p>\n","protected":false},"featured_media":120119,"comment_status":"closed","ping_status":"closed","template":"","meta":{"neve_meta_sidebar":"","neve_meta_container":"","neve_meta_enable_content_width":"off","neve_meta_content_width":0,"neve_meta_title_alignment":"","neve_meta_author_avatar":"","neve_post_elements_order":"","neve_meta_disable_header":"","neve_meta_disable_footer":"","neve_meta_disable_title":""},"product_brand":[],"product_cat":[1927],"product_tag":[851],"class_list":{"0":"post-84937","1":"product","2":"type-product","3":"status-publish","4":"has-post-thumbnail","6":"product_cat-mesas","7":"product_tag-mesa","9":"first","10":"outofstock","11":"taxable","12":"shipping-taxable","13":"purchasable","14":"product-type-simple"},"_links":{"self":[{"href":"https:\/\/ifoffice.pt\/index.php?rest_route=\/wp\/v2\/product\/84937","targetHints":{"allow":["GET"]}}],"collection":[{"href":"https:\/\/ifoffice.pt\/index.php?rest_route=\/wp\/v2\/product"}],"about":[{"href":"https:\/\/ifoffice.pt\/index.php?rest_route=\/wp\/v2\/types\/product"}],"replies":[{"embeddable":true,"href":"https:\/\/ifoffice.pt\/index.php?rest_route=%2Fwp%2Fv2%2Fcomments&post=84937"}],"wp:featuredmedia":[{"embeddable":true,"href":"https:\/\/ifoffice.pt\/index.php?rest_route=\/wp\/v2\/media\/120119"}],"wp:attachment":[{"href":"https:\/\/ifoffice.pt\/index.php?rest_route=%2Fwp%2Fv2%2Fmedia&parent=84937"}],"wp:term":[{"taxonomy":"product_brand","embeddable":true,"href":"https:\/\/ifoffice.pt\/index.php?rest_route=%2Fwp%2Fv2%2Fproduct_brand&post=84937"},{"taxonomy":"product_cat","embeddable":true,"href":"https:\/\/ifoffice.pt\/index.php?rest_route=%2Fwp%2Fv2%2Fproduct_cat&post=84937"},{"taxonomy":"product_tag","embeddable":true,"href":"https:\/\/ifoffice.pt\/index.php?rest_route=%2Fwp%2Fv2%2Fproduct_tag&post=84937"}],"curies":[{"name":"wp","href":"https:\/\/api.w.org\/{rel}","templated":true}]}}