{"id":84813,"date":"2021-01-22T20:48:44","date_gmt":"2021-01-22T20:48:44","guid":{"rendered":"https:\/\/ifoffice.pt\/produto\/import-placeholder-for-73127\/"},"modified":"2026-02-23T13:16:47","modified_gmt":"2026-02-23T13:16:47","slug":"pasta-de-elasticos-liderpapel-fibrete-com-abas-medidas-320x440x25-mm","status":"publish","type":"product","link":"https:\/\/ifoffice.pt\/?product=pasta-de-elasticos-liderpapel-fibrete-com-abas-medidas-320x440x25-mm","title":{"rendered":"Pasta de elasticos liderpapel fibrete com abas medidas 320x440x25 mm"},"content":{"rendered":"<p>Pastas em cart\u00e3o fibra com abas e el\u00e1sticos. Cor marmoreado preto. Elevada resist\u00eancia.<\/p>\n","protected":false},"excerpt":{"rendered":"<p>Pasta de elasticos liderpapel fibrete com abas medidas 320x440x25 mm<\/p>\n","protected":false},"featured_media":120061,"comment_status":"closed","ping_status":"closed","template":"","meta":{"neve_meta_sidebar":"","neve_meta_container":"","neve_meta_enable_content_width":"","neve_meta_content_width":0,"neve_meta_title_alignment":"","neve_meta_author_avatar":"","neve_post_elements_order":"","neve_meta_disable_header":"","neve_meta_disable_footer":"","neve_meta_disable_title":""},"product_brand":[],"product_cat":[1822],"product_tag":[2210],"class_list":{"0":"post-84813","1":"product","2":"type-product","3":"status-publish","4":"has-post-thumbnail","6":"product_cat-pastas-de-arquivo","7":"product_tag-cartao-canelado","9":"first","10":"instock","11":"taxable","12":"shipping-taxable","13":"purchasable","14":"product-type-simple"},"_links":{"self":[{"href":"https:\/\/ifoffice.pt\/index.php?rest_route=\/wp\/v2\/product\/84813","targetHints":{"allow":["GET"]}}],"collection":[{"href":"https:\/\/ifoffice.pt\/index.php?rest_route=\/wp\/v2\/product"}],"about":[{"href":"https:\/\/ifoffice.pt\/index.php?rest_route=\/wp\/v2\/types\/product"}],"replies":[{"embeddable":true,"href":"https:\/\/ifoffice.pt\/index.php?rest_route=%2Fwp%2Fv2%2Fcomments&post=84813"}],"wp:featuredmedia":[{"embeddable":true,"href":"https:\/\/ifoffice.pt\/index.php?rest_route=\/wp\/v2\/media\/120061"}],"wp:attachment":[{"href":"https:\/\/ifoffice.pt\/index.php?rest_route=%2Fwp%2Fv2%2Fmedia&parent=84813"}],"wp:term":[{"taxonomy":"product_brand","embeddable":true,"href":"https:\/\/ifoffice.pt\/index.php?rest_route=%2Fwp%2Fv2%2Fproduct_brand&post=84813"},{"taxonomy":"product_cat","embeddable":true,"href":"https:\/\/ifoffice.pt\/index.php?rest_route=%2Fwp%2Fv2%2Fproduct_cat&post=84813"},{"taxonomy":"product_tag","embeddable":true,"href":"https:\/\/ifoffice.pt\/index.php?rest_route=%2Fwp%2Fv2%2Fproduct_tag&post=84813"}],"curies":[{"name":"wp","href":"https:\/\/api.w.org\/{rel}","templated":true}]}}

<p>Pastas em cartão fibra com abas e elásticos. Cor marmoreado preto. Elevada resistência.</p>
