{"id":84796,"date":"2021-01-22T20:48:42","date_gmt":"2021-01-22T20:48:42","guid":{"rendered":"https:\/\/ifoffice.pt\/produto\/import-placeholder-for-73499\/"},"modified":"2025-05-07T10:22:56","modified_gmt":"2025-05-07T10:22:56","slug":"marcador-stabilo-fluorescente-72-amarelo-neon","status":"publish","type":"product","link":"https:\/\/ifoffice.pt\/?product=marcador-stabilo-fluorescente-72-amarelo-neon","title":{"rendered":"Marcador stabilo fluorescente 72 amarelo neon"},"content":{"rendered":"<p>O novo marcador fluorescente com corpo minimalista em forma de tubo. Zona de pega suave para uma maior comodidade. Tecnologia antisecagem Stabilo: 4 horas de prote\u00e7\u00e3o. Dispon\u00edvel em 4 cores n\u00e9on: amarelo, laranja, rosa e verde. Tinta \u00e0 base de \u00e1gua. 2 tipos de linha: 2 mm e 5 mm.<\/p>\n","protected":false},"excerpt":{"rendered":"<p>PACK DE 10 UNIDADES<\/p>\n","protected":false},"featured_media":120046,"comment_status":"closed","ping_status":"closed","template":"","meta":{"neve_meta_sidebar":"","neve_meta_container":"","neve_meta_enable_content_width":"off","neve_meta_content_width":100,"neve_meta_title_alignment":"","neve_meta_author_avatar":"","neve_post_elements_order":"","neve_meta_disable_header":"","neve_meta_disable_footer":"","neve_meta_disable_title":""},"product_brand":[],"product_cat":[1860],"product_tag":[1134],"class_list":{"0":"post-84796","1":"product","2":"type-product","3":"status-publish","4":"has-post-thumbnail","6":"product_cat-marcadores-lapis-fluorescente","7":"product_tag-fluorescente","9":"first","10":"instock","11":"taxable","12":"shipping-taxable","13":"purchasable","14":"product-type-variable","15":"has-default-attributes"},"_links":{"self":[{"href":"https:\/\/ifoffice.pt\/index.php?rest_route=\/wp\/v2\/product\/84796","targetHints":{"allow":["GET"]}}],"collection":[{"href":"https:\/\/ifoffice.pt\/index.php?rest_route=\/wp\/v2\/product"}],"about":[{"href":"https:\/\/ifoffice.pt\/index.php?rest_route=\/wp\/v2\/types\/product"}],"replies":[{"embeddable":true,"href":"https:\/\/ifoffice.pt\/index.php?rest_route=%2Fwp%2Fv2%2Fcomments&post=84796"}],"wp:featuredmedia":[{"embeddable":true,"href":"https:\/\/ifoffice.pt\/index.php?rest_route=\/wp\/v2\/media\/120046"}],"wp:attachment":[{"href":"https:\/\/ifoffice.pt\/index.php?rest_route=%2Fwp%2Fv2%2Fmedia&parent=84796"}],"wp:term":[{"taxonomy":"product_brand","embeddable":true,"href":"https:\/\/ifoffice.pt\/index.php?rest_route=%2Fwp%2Fv2%2Fproduct_brand&post=84796"},{"taxonomy":"product_cat","embeddable":true,"href":"https:\/\/ifoffice.pt\/index.php?rest_route=%2Fwp%2Fv2%2Fproduct_cat&post=84796"},{"taxonomy":"product_tag","embeddable":true,"href":"https:\/\/ifoffice.pt\/index.php?rest_route=%2Fwp%2Fv2%2Fproduct_tag&post=84796"}],"curies":[{"name":"wp","href":"https:\/\/api.w.org\/{rel}","templated":true}]}}