{"id":84733,"date":"2021-01-22T20:48:17","date_gmt":"2021-01-22T20:48:17","guid":{"rendered":"https:\/\/ifoffice.pt\/produto\/import-placeholder-for-73575\/"},"modified":"2026-02-23T13:16:39","modified_gmt":"2026-02-23T13:16:39","slug":"cola-de-contato-pattex-50-gr","status":"publish","type":"product","link":"https:\/\/ifoffice.pt\/?product=cola-de-contato-pattex-50-gr","title":{"rendered":"Cola de contato pattex 50 gr"},"content":{"rendered":"<p>Cola de contacto amarela para uni\u00f5es resistentes, flex\u00edveis e duradouras. Indicada para trabalhos de bricolage e repara\u00e7\u00e3o. Cola madeira, borracha, etc. O tubo.<\/p>\n","protected":false},"excerpt":{"rendered":"<p>Cola de contato pattex 50 gr<\/p>\n","protected":false},"featured_media":120022,"comment_status":"closed","ping_status":"closed","template":"","meta":{"neve_meta_sidebar":"","neve_meta_container":"","neve_meta_enable_content_width":"off","neve_meta_content_width":0,"neve_meta_title_alignment":"","neve_meta_author_avatar":"","neve_post_elements_order":"","neve_meta_disable_header":"","neve_meta_disable_footer":"","neve_meta_disable_title":""},"product_brand":[],"product_cat":[1758],"product_tag":[2205],"class_list":{"0":"post-84733","1":"product","2":"type-product","3":"status-publish","4":"has-post-thumbnail","6":"product_cat-cola-em-tubo","7":"product_tag-patex","9":"first","10":"instock","11":"taxable","12":"shipping-taxable","13":"purchasable","14":"product-type-simple"},"_links":{"self":[{"href":"https:\/\/ifoffice.pt\/index.php?rest_route=\/wp\/v2\/product\/84733","targetHints":{"allow":["GET"]}}],"collection":[{"href":"https:\/\/ifoffice.pt\/index.php?rest_route=\/wp\/v2\/product"}],"about":[{"href":"https:\/\/ifoffice.pt\/index.php?rest_route=\/wp\/v2\/types\/product"}],"replies":[{"embeddable":true,"href":"https:\/\/ifoffice.pt\/index.php?rest_route=%2Fwp%2Fv2%2Fcomments&post=84733"}],"wp:featuredmedia":[{"embeddable":true,"href":"https:\/\/ifoffice.pt\/index.php?rest_route=\/wp\/v2\/media\/120022"}],"wp:attachment":[{"href":"https:\/\/ifoffice.pt\/index.php?rest_route=%2Fwp%2Fv2%2Fmedia&parent=84733"}],"wp:term":[{"taxonomy":"product_brand","embeddable":true,"href":"https:\/\/ifoffice.pt\/index.php?rest_route=%2Fwp%2Fv2%2Fproduct_brand&post=84733"},{"taxonomy":"product_cat","embeddable":true,"href":"https:\/\/ifoffice.pt\/index.php?rest_route=%2Fwp%2Fv2%2Fproduct_cat&post=84733"},{"taxonomy":"product_tag","embeddable":true,"href":"https:\/\/ifoffice.pt\/index.php?rest_route=%2Fwp%2Fv2%2Fproduct_tag&post=84733"}],"curies":[{"name":"wp","href":"https:\/\/api.w.org\/{rel}","templated":true}]}}