{"id":83924,"date":"2021-01-22T20:41:15","date_gmt":"2021-01-22T20:41:15","guid":{"rendered":"https:\/\/ifoffice.pt\/produto\/import-placeholder-for-75073\/"},"modified":"2026-02-23T13:15:55","modified_gmt":"2026-02-23T13:15:55","slug":"fita-adesiva-plico-dupla-face-15mm-x-20mt","status":"publish","type":"product","link":"https:\/\/ifoffice.pt\/?product=fita-adesiva-plico-dupla-face-15mm-x-20mt","title":{"rendered":"Fita adesiva plico dupla face 15mm x 20mt"},"content":{"rendered":"<p>Para criar uni\u00f5es invis\u00edveis, gra\u00e7as \u00e0 fina espessura e acabamento transparente. Com uma tira de 1 cm, suporta 1 kg de peso. Cola sobre m\u00faltiplos materiais: t\u00eaxtil, goma EVA, cart\u00e3o, papel. F\u00e1cil de cortar. N\u00e3o cont\u00e9m \u00e1cido, n\u00e3o amarela, n\u00e3o danifica fotografias nem outros materiais delicados. Adequada para uso escolar. A fita.<\/p>\n","protected":false},"excerpt":{"rendered":"<p>Fita adesiva plico dupla face 15mm x 20mt<\/p>\n","protected":false},"featured_media":119757,"comment_status":"closed","ping_status":"closed","template":"","meta":{"neve_meta_sidebar":"","neve_meta_container":"","neve_meta_enable_content_width":"","neve_meta_content_width":0,"neve_meta_title_alignment":"","neve_meta_author_avatar":"","neve_post_elements_order":"","neve_meta_disable_header":"","neve_meta_disable_footer":"","neve_meta_disable_title":""},"product_brand":[],"product_cat":[1800],"product_tag":[913],"class_list":{"0":"post-83924","1":"product","2":"type-product","3":"status-publish","4":"has-post-thumbnail","6":"product_cat-fitas-adesivas","7":"product_tag-dupla-face","9":"first","10":"instock","11":"taxable","12":"shipping-taxable","13":"purchasable","14":"product-type-simple"},"_links":{"self":[{"href":"https:\/\/ifoffice.pt\/index.php?rest_route=\/wp\/v2\/product\/83924","targetHints":{"allow":["GET"]}}],"collection":[{"href":"https:\/\/ifoffice.pt\/index.php?rest_route=\/wp\/v2\/product"}],"about":[{"href":"https:\/\/ifoffice.pt\/index.php?rest_route=\/wp\/v2\/types\/product"}],"replies":[{"embeddable":true,"href":"https:\/\/ifoffice.pt\/index.php?rest_route=%2Fwp%2Fv2%2Fcomments&post=83924"}],"wp:featuredmedia":[{"embeddable":true,"href":"https:\/\/ifoffice.pt\/index.php?rest_route=\/wp\/v2\/media\/119757"}],"wp:attachment":[{"href":"https:\/\/ifoffice.pt\/index.php?rest_route=%2Fwp%2Fv2%2Fmedia&parent=83924"}],"wp:term":[{"taxonomy":"product_brand","embeddable":true,"href":"https:\/\/ifoffice.pt\/index.php?rest_route=%2Fwp%2Fv2%2Fproduct_brand&post=83924"},{"taxonomy":"product_cat","embeddable":true,"href":"https:\/\/ifoffice.pt\/index.php?rest_route=%2Fwp%2Fv2%2Fproduct_cat&post=83924"},{"taxonomy":"product_tag","embeddable":true,"href":"https:\/\/ifoffice.pt\/index.php?rest_route=%2Fwp%2Fv2%2Fproduct_tag&post=83924"}],"curies":[{"name":"wp","href":"https:\/\/api.w.org\/{rel}","templated":true}]}}