{"id":83812,"date":"2021-01-22T20:40:31","date_gmt":"2021-01-22T20:40:31","guid":{"rendered":"https:\/\/ifoffice.pt\/produto\/import-placeholder-for-75186\/"},"modified":"2026-02-23T13:15:48","modified_gmt":"2026-02-23T13:15:48","slug":"secador-de-maos-q-connect-automatico-240x205x256-mm","status":"publish","type":"product","link":"https:\/\/ifoffice.pt\/?product=secador-de-maos-q-connect-automatico-240x205x256-mm","title":{"rendered":"Secador de maos q-connect automatico 240x205x256 mm"},"content":{"rendered":"<p>Secador de m\u00e3os autom\u00e1tico, ativa-se mediante sensor. Cor branco. Pot\u00eancia:  900W. 220V. Medidas: 240 x 205 x 256 mm.<\/p>\n","protected":false},"excerpt":{"rendered":"<p>Secador de maos q-connect automatico 240x205x256 mm<\/p>\n","protected":false},"featured_media":119716,"comment_status":"closed","ping_status":"closed","template":"","meta":{"neve_meta_sidebar":"","neve_meta_container":"","neve_meta_enable_content_width":"","neve_meta_content_width":0,"neve_meta_title_alignment":"","neve_meta_author_avatar":"","neve_post_elements_order":"","neve_meta_disable_header":"","neve_meta_disable_footer":"","neve_meta_disable_title":""},"product_brand":[],"product_cat":[1806],"product_tag":[2178],"class_list":{"0":"post-83812","1":"product","2":"type-product","3":"status-publish","4":"has-post-thumbnail","6":"product_cat-dispensadores","7":"product_tag-secador-de-maos","9":"first","10":"instock","11":"sale","12":"taxable","13":"shipping-taxable","14":"purchasable","15":"product-type-simple"},"_links":{"self":[{"href":"https:\/\/ifoffice.pt\/index.php?rest_route=\/wp\/v2\/product\/83812","targetHints":{"allow":["GET"]}}],"collection":[{"href":"https:\/\/ifoffice.pt\/index.php?rest_route=\/wp\/v2\/product"}],"about":[{"href":"https:\/\/ifoffice.pt\/index.php?rest_route=\/wp\/v2\/types\/product"}],"replies":[{"embeddable":true,"href":"https:\/\/ifoffice.pt\/index.php?rest_route=%2Fwp%2Fv2%2Fcomments&post=83812"}],"wp:featuredmedia":[{"embeddable":true,"href":"https:\/\/ifoffice.pt\/index.php?rest_route=\/wp\/v2\/media\/119716"}],"wp:attachment":[{"href":"https:\/\/ifoffice.pt\/index.php?rest_route=%2Fwp%2Fv2%2Fmedia&parent=83812"}],"wp:term":[{"taxonomy":"product_brand","embeddable":true,"href":"https:\/\/ifoffice.pt\/index.php?rest_route=%2Fwp%2Fv2%2Fproduct_brand&post=83812"},{"taxonomy":"product_cat","embeddable":true,"href":"https:\/\/ifoffice.pt\/index.php?rest_route=%2Fwp%2Fv2%2Fproduct_cat&post=83812"},{"taxonomy":"product_tag","embeddable":true,"href":"https:\/\/ifoffice.pt\/index.php?rest_route=%2Fwp%2Fv2%2Fproduct_tag&post=83812"}],"curies":[{"name":"wp","href":"https:\/\/api.w.org\/{rel}","templated":true}]}}