{"id":83455,"date":"2021-01-22T20:38:08","date_gmt":"2021-01-22T20:38:08","guid":{"rendered":"https:\/\/ifoffice.pt\/produto\/import-placeholder-for-75669\/"},"modified":"2026-02-23T13:15:18","modified_gmt":"2026-02-23T13:15:18","slug":"extensao-6-tomadas-mediarange-branca-com-interruptor-comprimento-cabo-14m","status":"publish","type":"product","link":"https:\/\/ifoffice.pt\/?product=extensao-6-tomadas-mediarange-branca-com-interruptor-comprimento-cabo-14m","title":{"rendered":"Extensao 6 tomadas mediarange branca com interruptor comprimento cabo 1,4m"},"content":{"rendered":"<p>Extens\u00e3o de tomadas com interruptor de seguran\u00e7a iluminado. Com seguran\u00e7a para crian\u00e7as, obstrutores nos furos. Ideal para uso no escrit\u00f3rio. Resist\u00eancia de 1000 joules. Comprimento do cabo: 1,4 m.<\/p>\n","protected":false},"excerpt":{"rendered":"<p>Extensao 6 tomadas mediarange branca com interruptor comprimento cabo 1,4m<\/p>\n","protected":false},"featured_media":119553,"comment_status":"closed","ping_status":"closed","template":"","meta":{"neve_meta_sidebar":"","neve_meta_container":"","neve_meta_enable_content_width":"off","neve_meta_content_width":70,"neve_meta_title_alignment":"","neve_meta_author_avatar":"","neve_post_elements_order":"","neve_meta_disable_header":"","neve_meta_disable_footer":"","neve_meta_disable_title":""},"product_brand":[],"product_cat":[1819],"product_tag":[1536],"class_list":{"0":"post-83455","1":"product","2":"type-product","3":"status-publish","4":"has-post-thumbnail","6":"product_cat-conectividade-cabos-wifi-hub","7":"product_tag-extensoes","9":"first","10":"instock","11":"taxable","12":"shipping-taxable","13":"purchasable","14":"product-type-simple"},"_links":{"self":[{"href":"https:\/\/ifoffice.pt\/index.php?rest_route=\/wp\/v2\/product\/83455","targetHints":{"allow":["GET"]}}],"collection":[{"href":"https:\/\/ifoffice.pt\/index.php?rest_route=\/wp\/v2\/product"}],"about":[{"href":"https:\/\/ifoffice.pt\/index.php?rest_route=\/wp\/v2\/types\/product"}],"replies":[{"embeddable":true,"href":"https:\/\/ifoffice.pt\/index.php?rest_route=%2Fwp%2Fv2%2Fcomments&post=83455"}],"wp:featuredmedia":[{"embeddable":true,"href":"https:\/\/ifoffice.pt\/index.php?rest_route=\/wp\/v2\/media\/119553"}],"wp:attachment":[{"href":"https:\/\/ifoffice.pt\/index.php?rest_route=%2Fwp%2Fv2%2Fmedia&parent=83455"}],"wp:term":[{"taxonomy":"product_brand","embeddable":true,"href":"https:\/\/ifoffice.pt\/index.php?rest_route=%2Fwp%2Fv2%2Fproduct_brand&post=83455"},{"taxonomy":"product_cat","embeddable":true,"href":"https:\/\/ifoffice.pt\/index.php?rest_route=%2Fwp%2Fv2%2Fproduct_cat&post=83455"},{"taxonomy":"product_tag","embeddable":true,"href":"https:\/\/ifoffice.pt\/index.php?rest_route=%2Fwp%2Fv2%2Fproduct_tag&post=83455"}],"curies":[{"name":"wp","href":"https:\/\/api.w.org\/{rel}","templated":true}]}}