{"id":83142,"date":"2021-01-22T20:36:16","date_gmt":"2021-01-22T20:36:16","guid":{"rendered":"https:\/\/ifoffice.pt\/produto\/import-placeholder-for-76132\/"},"modified":"2026-02-23T13:14:49","modified_gmt":"2026-02-23T13:14:49","slug":"cinturao-faru-com-protecao-lombar-com-fecho-velcro-formato-6","status":"publish","type":"product","link":"https:\/\/ifoffice.pt\/?product=cinturao-faru-com-protecao-lombar-com-fecho-velcro-formato-6","title":{"rendered":"Cinturao faru com protecao lombar com fecho velcro formato 6"},"content":{"rendered":"<p>Faixa anti vibrat\u00f3ria, com fecho de velcro, de classifica\u00e7\u00e3o I. Prote\u00e7\u00e3o das  vibra\u00e7\u00f5es que afetam negativamente as zonas dorso lombares em posturas e  movimentos por meio dos efeitos termo terap\u00eauticos de calor e compress\u00e3o.  Dispon\u00edvel em v\u00e1rias tamanhos dependendo do per\u00edmetro da cintura.<\/p>\n","protected":false},"excerpt":{"rendered":"<p>Cinturao faru com protecao lombar com fecho velcro formato 6<\/p>\n","protected":false},"featured_media":119421,"comment_status":"closed","ping_status":"closed","template":"","meta":{"neve_meta_sidebar":"","neve_meta_container":"","neve_meta_enable_content_width":"off","neve_meta_content_width":0,"neve_meta_title_alignment":"","neve_meta_author_avatar":"","neve_post_elements_order":"","neve_meta_disable_header":"","neve_meta_disable_footer":"","neve_meta_disable_title":""},"product_brand":[],"product_cat":[1791],"product_tag":[2149],"class_list":{"0":"post-83142","1":"product","2":"type-product","3":"status-publish","4":"has-post-thumbnail","6":"product_cat-prevencao","7":"product_tag-cinturao","9":"first","10":"instock","11":"taxable","12":"shipping-taxable","13":"purchasable","14":"product-type-simple"},"_links":{"self":[{"href":"https:\/\/ifoffice.pt\/index.php?rest_route=\/wp\/v2\/product\/83142","targetHints":{"allow":["GET"]}}],"collection":[{"href":"https:\/\/ifoffice.pt\/index.php?rest_route=\/wp\/v2\/product"}],"about":[{"href":"https:\/\/ifoffice.pt\/index.php?rest_route=\/wp\/v2\/types\/product"}],"replies":[{"embeddable":true,"href":"https:\/\/ifoffice.pt\/index.php?rest_route=%2Fwp%2Fv2%2Fcomments&post=83142"}],"wp:featuredmedia":[{"embeddable":true,"href":"https:\/\/ifoffice.pt\/index.php?rest_route=\/wp\/v2\/media\/119421"}],"wp:attachment":[{"href":"https:\/\/ifoffice.pt\/index.php?rest_route=%2Fwp%2Fv2%2Fmedia&parent=83142"}],"wp:term":[{"taxonomy":"product_brand","embeddable":true,"href":"https:\/\/ifoffice.pt\/index.php?rest_route=%2Fwp%2Fv2%2Fproduct_brand&post=83142"},{"taxonomy":"product_cat","embeddable":true,"href":"https:\/\/ifoffice.pt\/index.php?rest_route=%2Fwp%2Fv2%2Fproduct_cat&post=83142"},{"taxonomy":"product_tag","embeddable":true,"href":"https:\/\/ifoffice.pt\/index.php?rest_route=%2Fwp%2Fv2%2Fproduct_tag&post=83142"}],"curies":[{"name":"wp","href":"https:\/\/api.w.org\/{rel}","templated":true}]}}