{"id":82555,"date":"2021-01-22T20:32:23","date_gmt":"2021-01-22T20:32:23","guid":{"rendered":"https:\/\/ifoffice.pt\/produto\/import-placeholder-for-77661\/"},"modified":"2026-02-23T13:14:02","modified_gmt":"2026-02-23T13:14:02","slug":"giz-branco-anti-po-liderpapel-caixa-10-unidades","status":"publish","type":"product","link":"https:\/\/ifoffice.pt\/?product=giz-branco-anti-po-liderpapel-caixa-10-unidades","title":{"rendered":"Giz branco anti p\u00f3 liderpapel caixa 10 unidades"},"content":{"rendered":"<p>Para quadros. Giz redondo antip\u00f3. N\u00e3o mancha. Tra\u00e7o e escrita suave. F\u00e1cil de apagar. Hipoalerg\u00e9nico. Nova f\u00f3rmula certificada. A caixa.<\/p>\n","protected":false},"excerpt":{"rendered":"<p>Giz branco anti p\u00f3 liderpapel caixa 10 unidades<\/p>\n","protected":false},"featured_media":119148,"comment_status":"closed","ping_status":"closed","template":"","meta":{"neve_meta_sidebar":"","neve_meta_container":"","neve_meta_enable_content_width":"off","neve_meta_content_width":100,"neve_meta_title_alignment":"","neve_meta_author_avatar":"","neve_post_elements_order":"","neve_meta_disable_header":"","neve_meta_disable_footer":"","neve_meta_disable_title":""},"product_brand":[],"product_cat":[1908],"product_tag":[2119],"class_list":{"0":"post-82555","1":"product","2":"type-product","3":"status-publish","4":"has-post-thumbnail","6":"product_cat-acessorios-para-quadros","7":"product_tag-giz","9":"first","10":"instock","11":"taxable","12":"shipping-taxable","13":"purchasable","14":"product-type-simple"},"_links":{"self":[{"href":"https:\/\/ifoffice.pt\/index.php?rest_route=\/wp\/v2\/product\/82555","targetHints":{"allow":["GET"]}}],"collection":[{"href":"https:\/\/ifoffice.pt\/index.php?rest_route=\/wp\/v2\/product"}],"about":[{"href":"https:\/\/ifoffice.pt\/index.php?rest_route=\/wp\/v2\/types\/product"}],"replies":[{"embeddable":true,"href":"https:\/\/ifoffice.pt\/index.php?rest_route=%2Fwp%2Fv2%2Fcomments&post=82555"}],"wp:featuredmedia":[{"embeddable":true,"href":"https:\/\/ifoffice.pt\/index.php?rest_route=\/wp\/v2\/media\/119148"}],"wp:attachment":[{"href":"https:\/\/ifoffice.pt\/index.php?rest_route=%2Fwp%2Fv2%2Fmedia&parent=82555"}],"wp:term":[{"taxonomy":"product_brand","embeddable":true,"href":"https:\/\/ifoffice.pt\/index.php?rest_route=%2Fwp%2Fv2%2Fproduct_brand&post=82555"},{"taxonomy":"product_cat","embeddable":true,"href":"https:\/\/ifoffice.pt\/index.php?rest_route=%2Fwp%2Fv2%2Fproduct_cat&post=82555"},{"taxonomy":"product_tag","embeddable":true,"href":"https:\/\/ifoffice.pt\/index.php?rest_route=%2Fwp%2Fv2%2Fproduct_tag&post=82555"}],"curies":[{"name":"wp","href":"https:\/\/api.w.org\/{rel}","templated":true}]}}