{"id":82473,"date":"2021-01-22T20:30:10","date_gmt":"2021-01-22T20:30:10","guid":{"rendered":"https:\/\/ifoffice.pt\/produto\/import-placeholder-for-77809\/"},"modified":"2025-03-12T11:33:47","modified_gmt":"2025-03-12T11:33:47","slug":"tensor-manual-para-fita-de-largura-13-mm","status":"publish","type":"product","link":"https:\/\/ifoffice.pt\/?product=tensor-manual-para-fita-de-largura-13-mm","title":{"rendered":"Tensor manual para fita de largura 13 mm"},"content":{"rendered":"<p>Tensor manual para fitas que permite um embalamento pr\u00e1tico, mane\u00e1vel e r\u00e1pido. Indicado para fitas de polipropileno, poli\u00e9ster,  fitas compostas, fitas de tecido e poli\u00e9ster colado. Para fita de largura de 9 a 19 mm.  Medidas: 75 x 170 x 280 mm. O\u00a0tensor.<\/p>\n","protected":false},"excerpt":{"rendered":"<p>Tensor manual para fita de largura 13 mm<\/p>\n","protected":false},"featured_media":119115,"comment_status":"closed","ping_status":"closed","template":"","meta":{"neve_meta_sidebar":"","neve_meta_container":"","neve_meta_enable_content_width":"","neve_meta_content_width":0,"neve_meta_title_alignment":"","neve_meta_author_avatar":"","neve_post_elements_order":"","neve_meta_disable_header":"","neve_meta_disable_footer":"","neve_meta_disable_title":""},"product_brand":[],"product_cat":[1924],"product_tag":[2111],"class_list":{"0":"post-82473","1":"product","2":"type-product","3":"status-publish","4":"has-post-thumbnail","6":"product_cat-outros-acessorios-de-embalagem","7":"product_tag-tensor-fleje","9":"first","10":"outofstock","11":"taxable","12":"shipping-taxable","13":"purchasable","14":"product-type-simple"},"_links":{"self":[{"href":"https:\/\/ifoffice.pt\/index.php?rest_route=\/wp\/v2\/product\/82473","targetHints":{"allow":["GET"]}}],"collection":[{"href":"https:\/\/ifoffice.pt\/index.php?rest_route=\/wp\/v2\/product"}],"about":[{"href":"https:\/\/ifoffice.pt\/index.php?rest_route=\/wp\/v2\/types\/product"}],"replies":[{"embeddable":true,"href":"https:\/\/ifoffice.pt\/index.php?rest_route=%2Fwp%2Fv2%2Fcomments&post=82473"}],"wp:featuredmedia":[{"embeddable":true,"href":"https:\/\/ifoffice.pt\/index.php?rest_route=\/wp\/v2\/media\/119115"}],"wp:attachment":[{"href":"https:\/\/ifoffice.pt\/index.php?rest_route=%2Fwp%2Fv2%2Fmedia&parent=82473"}],"wp:term":[{"taxonomy":"product_brand","embeddable":true,"href":"https:\/\/ifoffice.pt\/index.php?rest_route=%2Fwp%2Fv2%2Fproduct_brand&post=82473"},{"taxonomy":"product_cat","embeddable":true,"href":"https:\/\/ifoffice.pt\/index.php?rest_route=%2Fwp%2Fv2%2Fproduct_cat&post=82473"},{"taxonomy":"product_tag","embeddable":true,"href":"https:\/\/ifoffice.pt\/index.php?rest_route=%2Fwp%2Fv2%2Fproduct_tag&post=82473"}],"curies":[{"name":"wp","href":"https:\/\/api.w.org\/{rel}","templated":true}]}}