{"id":82063,"date":"2021-01-22T20:27:27","date_gmt":"2021-01-22T20:27:27","guid":{"rendered":"https:\/\/ifoffice.pt\/produto\/import-placeholder-for-78192\/"},"modified":"2025-03-12T11:33:07","modified_gmt":"2025-03-12T11:33:07","slug":"bolsa-para-pendurar-tarifold-din-a4-adesiva-azul","status":"publish","type":"product","link":"https:\/\/ifoffice.pt\/?product=bolsa-para-pendurar-tarifold-din-a4-adesiva-azul","title":{"rendered":"Bolsa para pendurar tarifold din a4 adesiva azul"},"content":{"rendered":"<p>Moldura de identifica\u00e7\u00e3o leve e robusta. Para colocar facilmente sobre qualquer superf\u00edcie lisa. Fixa\u00e7\u00e3o adesiva sem ferramentas. Fabricado em pl\u00e1stico ABS que n\u00e3o rompe. Formato Din A4. A moldura.<\/p>\n","protected":false},"excerpt":{"rendered":"<p>Bolsa para pendurar tarifold din a4 adesiva azul<\/p>\n","protected":false},"featured_media":118952,"comment_status":"closed","ping_status":"closed","template":"","meta":{"neve_meta_sidebar":"","neve_meta_container":"","neve_meta_enable_content_width":"","neve_meta_content_width":0,"neve_meta_title_alignment":"","neve_meta_author_avatar":"","neve_post_elements_order":"","neve_meta_disable_header":"","neve_meta_disable_footer":"","neve_meta_disable_title":""},"product_brand":[],"product_cat":[1798],"product_tag":[907],"class_list":{"0":"post-82063","1":"product","2":"type-product","3":"status-publish","4":"has-post-thumbnail","6":"product_cat-portacatalogos-e-atriles-confe","7":"product_tag-porta-catalogos","9":"first","10":"outofstock","11":"taxable","12":"shipping-taxable","13":"purchasable","14":"product-type-simple"},"_links":{"self":[{"href":"https:\/\/ifoffice.pt\/index.php?rest_route=\/wp\/v2\/product\/82063","targetHints":{"allow":["GET"]}}],"collection":[{"href":"https:\/\/ifoffice.pt\/index.php?rest_route=\/wp\/v2\/product"}],"about":[{"href":"https:\/\/ifoffice.pt\/index.php?rest_route=\/wp\/v2\/types\/product"}],"replies":[{"embeddable":true,"href":"https:\/\/ifoffice.pt\/index.php?rest_route=%2Fwp%2Fv2%2Fcomments&post=82063"}],"wp:featuredmedia":[{"embeddable":true,"href":"https:\/\/ifoffice.pt\/index.php?rest_route=\/wp\/v2\/media\/118952"}],"wp:attachment":[{"href":"https:\/\/ifoffice.pt\/index.php?rest_route=%2Fwp%2Fv2%2Fmedia&parent=82063"}],"wp:term":[{"taxonomy":"product_brand","embeddable":true,"href":"https:\/\/ifoffice.pt\/index.php?rest_route=%2Fwp%2Fv2%2Fproduct_brand&post=82063"},{"taxonomy":"product_cat","embeddable":true,"href":"https:\/\/ifoffice.pt\/index.php?rest_route=%2Fwp%2Fv2%2Fproduct_cat&post=82063"},{"taxonomy":"product_tag","embeddable":true,"href":"https:\/\/ifoffice.pt\/index.php?rest_route=%2Fwp%2Fv2%2Fproduct_tag&post=82063"}],"curies":[{"name":"wp","href":"https:\/\/api.w.org\/{rel}","templated":true}]}}