{"id":80171,"date":"2021-01-22T19:32:47","date_gmt":"2021-01-22T19:32:47","guid":{"rendered":"https:\/\/ifoffice.pt\/produto\/import-placeholder-for-97998\/"},"modified":"2026-02-23T13:10:17","modified_gmt":"2026-02-23T13:10:17","slug":"jogo-de-reguas-plastico-verde","status":"publish","type":"product","link":"https:\/\/ifoffice.pt\/?product=jogo-de-reguas-plastico-verde","title":{"rendered":"Jogo de reguas plastico verde"},"content":{"rendered":"<p>Em bolsa com esquadros de 20 cm e 23 cm, r\u00e9gua de 30 cm e transferidor  de 180\u00ba. Gradua\u00e7\u00e3o milim\u00e9trica. S\u00e9rie escolar. Pl\u00e1stico injetado.<\/p>\n","protected":false},"excerpt":{"rendered":"<p>Jogo de reguas plastico verde<\/p>\n","protected":false},"featured_media":118213,"comment_status":"closed","ping_status":"closed","template":"","meta":{"neve_meta_sidebar":"","neve_meta_container":"","neve_meta_enable_content_width":"off","neve_meta_content_width":0,"neve_meta_title_alignment":"","neve_meta_author_avatar":"","neve_post_elements_order":"","neve_meta_disable_header":"","neve_meta_disable_footer":"","neve_meta_disable_title":""},"product_brand":[],"product_cat":[2490],"product_tag":[1981],"class_list":{"0":"post-80171","1":"product","2":"type-product","3":"status-publish","4":"has-post-thumbnail","6":"product_cat-raguas","7":"product_tag-conjunto-de-reguas","9":"first","10":"instock","11":"taxable","12":"shipping-taxable","13":"purchasable","14":"product-type-simple"},"_links":{"self":[{"href":"https:\/\/ifoffice.pt\/index.php?rest_route=\/wp\/v2\/product\/80171","targetHints":{"allow":["GET"]}}],"collection":[{"href":"https:\/\/ifoffice.pt\/index.php?rest_route=\/wp\/v2\/product"}],"about":[{"href":"https:\/\/ifoffice.pt\/index.php?rest_route=\/wp\/v2\/types\/product"}],"replies":[{"embeddable":true,"href":"https:\/\/ifoffice.pt\/index.php?rest_route=%2Fwp%2Fv2%2Fcomments&post=80171"}],"wp:featuredmedia":[{"embeddable":true,"href":"https:\/\/ifoffice.pt\/index.php?rest_route=\/wp\/v2\/media\/118213"}],"wp:attachment":[{"href":"https:\/\/ifoffice.pt\/index.php?rest_route=%2Fwp%2Fv2%2Fmedia&parent=80171"}],"wp:term":[{"taxonomy":"product_brand","embeddable":true,"href":"https:\/\/ifoffice.pt\/index.php?rest_route=%2Fwp%2Fv2%2Fproduct_brand&post=80171"},{"taxonomy":"product_cat","embeddable":true,"href":"https:\/\/ifoffice.pt\/index.php?rest_route=%2Fwp%2Fv2%2Fproduct_cat&post=80171"},{"taxonomy":"product_tag","embeddable":true,"href":"https:\/\/ifoffice.pt\/index.php?rest_route=%2Fwp%2Fv2%2Fproduct_tag&post=80171"}],"curies":[{"name":"wp","href":"https:\/\/api.w.org\/{rel}","templated":true}]}}