{"id":80166,"date":"2021-01-22T19:32:46","date_gmt":"2021-01-22T19:32:46","guid":{"rendered":"https:\/\/ifoffice.pt\/produto\/import-placeholder-for-98457\/"},"modified":"2026-02-23T13:10:17","modified_gmt":"2026-02-23T13:10:17","slug":"fita-dymo-d1-preto-branco-9-mm-x-7-mt","status":"publish","type":"product","link":"https:\/\/ifoffice.pt\/?product=fita-dymo-d1-preto-branco-9-mm-x-7-mt","title":{"rendered":"Fita dymo d1 preto-branco 9 mm x 7 mt"},"content":{"rendered":"<p>A fita DYMO 1000 9 MM PRETO-BRANCO D1, refer\u00eancia S0720680, \u00e9 a solu\u00e7\u00e3o perfeita para todas as suas necessidades de etiquetagem. Concebida especificamente para os fabricantes de etiquetas e r\u00f3tulos DYMO LabelManager e LabelPoint, esta fita oferece um desempenho excecional e uma versatilidade incompar\u00e1vel para aplica\u00e7\u00f5es no interior e no exterior.<\/p>\n<ul>\n<li><strong>Largura da fita:<\/strong>\u00a09 mm<\/li>\n<li><strong>Cor do texto:<\/strong>\u00a0Preto<\/li>\n<li><strong>Cor de fundo:<\/strong>\u00a0Branco<\/li>\n<li><strong>Compatibilidade:<\/strong>\u00a0Compat\u00edvel com impressoras de etiquetas das s\u00e9ries DYMO LabelManager e LabelPoint<\/li>\n<li><strong>Material:<\/strong>\u00a0Poli\u00e9ster, resiste \u00e0 abras\u00e3o, humidade e raios UV<\/li>\n<li><strong>Comprimento da fita:<\/strong>\u00a0Normalmente 7 metros (verificar a etiqueta do produto)<\/li>\n<\/ul>\n<p>Esta fita \u00e9 ideal para uma grande variedade de aplica\u00e7\u00f5es:<\/p>\n<ul>\n<li><strong>Escrit\u00f3rios:<\/strong>\u00a0Identifique ficheiros, pastas e prateleiras com facilidade.<\/li>\n<li><strong>Casa:<\/strong>\u00a0Organize os artigos da cozinha, garagem e sala de ferramentas.<\/li>\n<li><strong>Ind\u00fastria:<\/strong>\u00a0Marcar equipamentos, ferramentas e pe\u00e7as em armaz\u00e9ns e ambientes industriais.<\/li>\n<\/ul>\n<p>As suas vantagens incluem:<\/p>\n<ul>\n<li><strong>Durabilidade:<\/strong>\u00a0Resiste a condi\u00e7\u00f5es adversas como \u00e1gua, produtos qu\u00edmicos e temperaturas extremas.<\/li>\n<li><strong>Ades\u00e3o Forte:<\/strong>\u00a0Adere firmemente a superf\u00edcies lisas e \u00e1speras.<\/li>\n<li><strong>F\u00e1cil de descascar:<\/strong>\u00a0a fita pode ser retirada sem deixar qualquer res\u00edduo pegajoso.<\/li>\n<\/ul>\n<p>Al\u00e9m disso, as fitas DYMO D1 foram concebidas tendo em mente a sustentabilidade. A embalagem \u00e9 recicl\u00e1vel e a fita LIBRE BPA e outros produtos qu\u00edmicos nocivos.<\/p>\n<p><strong>Considera\u00e7\u00f5es:<\/strong><\/p>\n<ul>\n<li>Verifique a compatibilidade com o seu modelo espec\u00edfico de etiquetadora DYMO.<\/li>\n<li>Armazene a fita num local fresco e seco para manter a ader\u00eancia e a qualidade de impress\u00e3o ideais.<\/li>\n<\/ul>\n<p>A fita DYMO 1000 9MM PRETO-BRANCO D1 (S0720680) \u00e9 uma op\u00e7\u00e3o fi\u00e1vel e vers\u00e1til para as suas necessidades de etiquetagem. A sua durabilidade, facilidade de utiliza\u00e7\u00e3o e qualidade de impress\u00e3o fazem dele uma ferramenta essencial para uma organiza\u00e7\u00e3o eficiente em qualquer ambiente.<\/p>\n","protected":false},"excerpt":{"rendered":"<p>Fita dymo d1 preto-branco 9 mm x 7 mt<\/p>\n","protected":false},"featured_media":118208,"comment_status":"closed","ping_status":"closed","template":"","meta":{"neve_meta_sidebar":"","neve_meta_container":"","neve_meta_enable_content_width":"off","neve_meta_content_width":100,"neve_meta_title_alignment":"","neve_meta_author_avatar":"","neve_post_elements_order":"","neve_meta_disable_header":"","neve_meta_disable_footer":"","neve_meta_disable_title":""},"product_brand":[],"product_cat":[1790],"product_tag":[1204],"class_list":{"0":"post-80166","1":"product","2":"type-product","3":"status-publish","4":"has-post-thumbnail","6":"product_cat-etiquetadoras-e-fitas","7":"product_tag-consumivel-etiquetadora","9":"first","10":"instock","11":"taxable","12":"shipping-taxable","13":"purchasable","14":"product-type-simple"},"_links":{"self":[{"href":"https:\/\/ifoffice.pt\/index.php?rest_route=\/wp\/v2\/product\/80166","targetHints":{"allow":["GET"]}}],"collection":[{"href":"https:\/\/ifoffice.pt\/index.php?rest_route=\/wp\/v2\/product"}],"about":[{"href":"https:\/\/ifoffice.pt\/index.php?rest_route=\/wp\/v2\/types\/product"}],"replies":[{"embeddable":true,"href":"https:\/\/ifoffice.pt\/index.php?rest_route=%2Fwp%2Fv2%2Fcomments&post=80166"}],"wp:featuredmedia":[{"embeddable":true,"href":"https:\/\/ifoffice.pt\/index.php?rest_route=\/wp\/v2\/media\/118208"}],"wp:attachment":[{"href":"https:\/\/ifoffice.pt\/index.php?rest_route=%2Fwp%2Fv2%2Fmedia&parent=80166"}],"wp:term":[{"taxonomy":"product_brand","embeddable":true,"href":"https:\/\/ifoffice.pt\/index.php?rest_route=%2Fwp%2Fv2%2Fproduct_brand&post=80166"},{"taxonomy":"product_cat","embeddable":true,"href":"https:\/\/ifoffice.pt\/index.php?rest_route=%2Fwp%2Fv2%2Fproduct_cat&post=80166"},{"taxonomy":"product_tag","embeddable":true,"href":"https:\/\/ifoffice.pt\/index.php?rest_route=%2Fwp%2Fv2%2Fproduct_tag&post=80166"}],"curies":[{"name":"wp","href":"https:\/\/api.w.org\/{rel}","templated":true}]}}