{"id":79794,"date":"2021-01-22T19:30:40","date_gmt":"2021-01-22T19:30:40","guid":{"rendered":"https:\/\/ifoffice.pt\/produto\/import-placeholder-for-150521\/"},"modified":"2026-02-23T13:09:49","modified_gmt":"2026-02-23T13:09:49","slug":"saca-agrafes-rexel-de-alicate-samson-aco-inoxidavel","status":"publish","type":"product","link":"https:\/\/ifoffice.pt\/?product=saca-agrafes-rexel-de-alicate-samson-aco-inoxidavel","title":{"rendered":"Saca agrafes rexel de alicate samson aco inoxidavel"},"content":{"rendered":"<p>Saca agrafes para servi\u00e7o pesado para remover agrafes standard do papel. Elimine os agrafes dos documentos at\u00e9 160 folhas. Fabricado em a\u00e7o inoxid\u00e1vel forte.<\/p>\n","protected":false},"excerpt":{"rendered":"<p>Saca agrafes rexel de alicate samson aco inoxidavel<\/p>\n","protected":false},"featured_media":118045,"comment_status":"closed","ping_status":"closed","template":"","meta":{"neve_meta_sidebar":"","neve_meta_container":"","neve_meta_enable_content_width":"","neve_meta_content_width":0,"neve_meta_title_alignment":"","neve_meta_author_avatar":"","neve_post_elements_order":"","neve_meta_disable_header":"","neve_meta_disable_footer":"","neve_meta_disable_title":""},"product_brand":[],"product_cat":[1937],"product_tag":[2755],"class_list":{"0":"post-79794","1":"product","2":"type-product","3":"status-publish","4":"has-post-thumbnail","6":"product_cat-saca-agrafes","7":"product_tag-saca-agrafes","9":"first","10":"instock","11":"taxable","12":"shipping-taxable","13":"purchasable","14":"product-type-simple"},"_links":{"self":[{"href":"https:\/\/ifoffice.pt\/index.php?rest_route=\/wp\/v2\/product\/79794","targetHints":{"allow":["GET"]}}],"collection":[{"href":"https:\/\/ifoffice.pt\/index.php?rest_route=\/wp\/v2\/product"}],"about":[{"href":"https:\/\/ifoffice.pt\/index.php?rest_route=\/wp\/v2\/types\/product"}],"replies":[{"embeddable":true,"href":"https:\/\/ifoffice.pt\/index.php?rest_route=%2Fwp%2Fv2%2Fcomments&post=79794"}],"wp:featuredmedia":[{"embeddable":true,"href":"https:\/\/ifoffice.pt\/index.php?rest_route=\/wp\/v2\/media\/118045"}],"wp:attachment":[{"href":"https:\/\/ifoffice.pt\/index.php?rest_route=%2Fwp%2Fv2%2Fmedia&parent=79794"}],"wp:term":[{"taxonomy":"product_brand","embeddable":true,"href":"https:\/\/ifoffice.pt\/index.php?rest_route=%2Fwp%2Fv2%2Fproduct_brand&post=79794"},{"taxonomy":"product_cat","embeddable":true,"href":"https:\/\/ifoffice.pt\/index.php?rest_route=%2Fwp%2Fv2%2Fproduct_cat&post=79794"},{"taxonomy":"product_tag","embeddable":true,"href":"https:\/\/ifoffice.pt\/index.php?rest_route=%2Fwp%2Fv2%2Fproduct_tag&post=79794"}],"curies":[{"name":"wp","href":"https:\/\/api.w.org\/{rel}","templated":true}]}}