{"id":78108,"date":"2021-01-22T17:54:30","date_gmt":"2021-01-22T17:54:30","guid":{"rendered":"https:\/\/ifoffice.pt\/produto\/import-placeholder-for-153770\/"},"modified":"2025-05-20T15:36:16","modified_gmt":"2025-05-20T15:36:16","slug":"esferografica-bic-cristal-soft-azul-ponta-de-12-mm","status":"publish","type":"product","link":"https:\/\/ifoffice.pt\/?product=esferografica-bic-cristal-soft-azul-ponta-de-12-mm","title":{"rendered":"Esferografica bic cristal soft azul ponta de 1,2 mm"},"content":{"rendered":"<p>A caneta BIC Cristal Soft Blue com ponta de 1,2 mm oferece uma experi\u00eancia de escrita excepcionalmente suave gra\u00e7as ao seu sistema de tinta Easy Glide, que proporciona 35% mais suavidade. Seu design transparente e tinta de alta qualidade garantem uma escrita fluida e vis\u00edvel, ideal para qualquer ambiente.<\/p>\n<ul>\n<li>Ponta: 1,2 mm, ideal para uma escrita mais fluida e vis\u00edvel.<\/li>\n<li>Cor da tinta: Azul.<\/li>\n<li>Fluidez: A tecnologia de tinta Easy Glide garante uma escrita suave, reduzindo o esfor\u00e7o necess\u00e1rio para escrever.<\/li>\n<li>Design: O corpo transparente hexagonal permite monitorar o n\u00edvel de tinta e oferece uma pegada confort\u00e1vel.<\/li>\n<li>Tampa e plugue: Cor de tinta correspondente para f\u00e1cil identifica\u00e7\u00e3o.<\/li>\n<li>Durabilidade: A tinta de alta qualidade garante longa vida \u00fatil e resiste ao ressecamento.<\/li>\n<\/ul>\n<p>Esta caneta destaca-se n\u00e3o s\u00f3 pelo conforto e fluidez na escrita, mas tamb\u00e9m pela visibilidade da sua tinta azul e pela possibilidade de monitorizar o n\u00edvel de tinta gra\u00e7as ao seu design transparente. Al\u00e9m disso, \u00e9 um produto sustent\u00e1vel, pois a sua durabilidade reduz a necessidade de substitui\u00e7\u00f5es frequentes, contribuindo assim para a redu\u00e7\u00e3o do desperd\u00edcio de pl\u00e1stico.<\/p>\n<p>A caneta BIC Cristal Soft Blue com ponta de 1,2 mm \u00e9 uma excelente ferramenta para quem procura uma escrita suave e confort\u00e1vel. Seu design tradicional e funcionalidade avan\u00e7ada o tornam adequado para uma variedade de ambientes e aplica\u00e7\u00f5es.<\/p>\n","protected":false},"excerpt":{"rendered":"<p>A caneta BIC Cristal Soft Blue com ponta de 1,2 mm oferece uma experi\u00eancia de escrita excepcionalmente suave gra\u00e7as ao seu sistema de tinta Easy Glide, que proporciona 35% mais suavidade. Seu design transparente e tinta de alta qualidade garantem uma escrita fluida e vis\u00edvel, ideal para qualquer ambiente. Ponta: 1,2 mm, ideal para uma escrita mais fluida e vis\u00edvel. Cor da tinta: Azul. Fluidez: A tecnologia de tinta Easy Glide garante uma escrita suave, reduzindo o esfor\u00e7o necess\u00e1rio para escrever. Design: O corpo transparente hexagonal permite monitorar o n\u00edvel de tinta e oferece uma pegada confort\u00e1vel. Tampa e plugue: Cor de tinta correspondente para f\u00e1cil identifica\u00e7\u00e3o. Durabilidade: A tinta de alta qualidade garante longa vida \u00fatil e resiste ao ressecamento. Esta caneta destaca-se n\u00e3o s\u00f3 pelo conforto e fluidez na escrita, mas tamb\u00e9m pela visibilidade da sua tinta azul e pela possibilidade de monitorizar o n\u00edvel de tinta gra\u00e7as ao seu design transparente. Al\u00e9m disso, \u00e9 um produto sustent\u00e1vel, pois a sua durabilidade reduz a necessidade de substitui\u00e7\u00f5es frequentes, contribuindo assim para a redu\u00e7\u00e3o do desperd\u00edcio de pl\u00e1stico. A caneta BIC Cristal Soft Blue com ponta de 1,2 mm \u00e9 uma excelente ferramenta para quem procura uma escrita suave e confort\u00e1vel. Seu design tradicional e funcionalidade avan\u00e7ada o tornam adequado para uma variedade de ambientes e aplica\u00e7\u00f5es.<\/p>\n","protected":false},"featured_media":117385,"comment_status":"closed","ping_status":"closed","template":"","meta":{"neve_meta_sidebar":"","neve_meta_container":"","neve_meta_enable_content_width":"off","neve_meta_content_width":100,"neve_meta_title_alignment":"","neve_meta_author_avatar":"","neve_post_elements_order":"","neve_meta_disable_header":"","neve_meta_disable_footer":"","neve_meta_disable_title":""},"product_brand":[],"product_cat":[1761],"product_tag":[1015,924],"class_list":{"0":"post-78108","1":"product","2":"type-product","3":"status-publish","4":"has-post-thumbnail","6":"product_cat-esferograficas","7":"product_tag-4-mm","8":"product_tag-com-tampa","10":"first","11":"instock","12":"taxable","13":"shipping-taxable","14":"purchasable","15":"product-type-variable","16":"has-default-attributes"},"_links":{"self":[{"href":"https:\/\/ifoffice.pt\/index.php?rest_route=\/wp\/v2\/product\/78108","targetHints":{"allow":["GET"]}}],"collection":[{"href":"https:\/\/ifoffice.pt\/index.php?rest_route=\/wp\/v2\/product"}],"about":[{"href":"https:\/\/ifoffice.pt\/index.php?rest_route=\/wp\/v2\/types\/product"}],"replies":[{"embeddable":true,"href":"https:\/\/ifoffice.pt\/index.php?rest_route=%2Fwp%2Fv2%2Fcomments&post=78108"}],"wp:featuredmedia":[{"embeddable":true,"href":"https:\/\/ifoffice.pt\/index.php?rest_route=\/wp\/v2\/media\/117385"}],"wp:attachment":[{"href":"https:\/\/ifoffice.pt\/index.php?rest_route=%2Fwp%2Fv2%2Fmedia&parent=78108"}],"wp:term":[{"taxonomy":"product_brand","embeddable":true,"href":"https:\/\/ifoffice.pt\/index.php?rest_route=%2Fwp%2Fv2%2Fproduct_brand&post=78108"},{"taxonomy":"product_cat","embeddable":true,"href":"https:\/\/ifoffice.pt\/index.php?rest_route=%2Fwp%2Fv2%2Fproduct_cat&post=78108"},{"taxonomy":"product_tag","embeddable":true,"href":"https:\/\/ifoffice.pt\/index.php?rest_route=%2Fwp%2Fv2%2Fproduct_tag&post=78108"}],"curies":[{"name":"wp","href":"https:\/\/api.w.org\/{rel}","templated":true}]}}