{"id":77808,"date":"2021-01-22T17:52:35","date_gmt":"2021-01-22T17:52:35","guid":{"rendered":"https:\/\/ifoffice.pt\/produto\/import-placeholder-for-154051\/"},"modified":"2026-02-23T13:07:38","modified_gmt":"2026-02-23T13:07:38","slug":"cha-dolce-gusto-marrakesh-monodosis-caixa-de-16-unidades","status":"publish","type":"product","link":"https:\/\/ifoffice.pt\/?product=cha-dolce-gusto-marrakesh-monodosis-caixa-de-16-unidades","title":{"rendered":"Cha dolce gusto marrakesh monodosis caixa de 16 unidades"},"content":{"rendered":"<p>Caf\u00e9 em c\u00e1psulas. Para disfrutar do caf\u00e9 de uma forma c\u00f3moda.  Caixa de 16 c\u00e1psulas de 7 g.<\/p>\n","protected":false},"excerpt":{"rendered":"<p>Cha dolce gusto marrakesh monodosis caixa de 16 unidades<\/p>\n","protected":false},"featured_media":117283,"comment_status":"closed","ping_status":"closed","template":"","meta":{"neve_meta_sidebar":"","neve_meta_container":"","neve_meta_enable_content_width":"","neve_meta_content_width":0,"neve_meta_title_alignment":"","neve_meta_author_avatar":"","neve_post_elements_order":"","neve_meta_disable_header":"","neve_meta_disable_footer":"","neve_meta_disable_title":""},"product_brand":[],"product_cat":[2489],"product_tag":[1469],"class_list":{"0":"post-77808","1":"product","2":"type-product","3":"status-publish","4":"has-post-thumbnail","6":"product_cat-cafas-e-infusoes","7":"product_tag-te","9":"first","10":"instock","11":"taxable","12":"shipping-taxable","13":"purchasable","14":"product-type-simple"},"_links":{"self":[{"href":"https:\/\/ifoffice.pt\/index.php?rest_route=\/wp\/v2\/product\/77808","targetHints":{"allow":["GET"]}}],"collection":[{"href":"https:\/\/ifoffice.pt\/index.php?rest_route=\/wp\/v2\/product"}],"about":[{"href":"https:\/\/ifoffice.pt\/index.php?rest_route=\/wp\/v2\/types\/product"}],"replies":[{"embeddable":true,"href":"https:\/\/ifoffice.pt\/index.php?rest_route=%2Fwp%2Fv2%2Fcomments&post=77808"}],"wp:featuredmedia":[{"embeddable":true,"href":"https:\/\/ifoffice.pt\/index.php?rest_route=\/wp\/v2\/media\/117283"}],"wp:attachment":[{"href":"https:\/\/ifoffice.pt\/index.php?rest_route=%2Fwp%2Fv2%2Fmedia&parent=77808"}],"wp:term":[{"taxonomy":"product_brand","embeddable":true,"href":"https:\/\/ifoffice.pt\/index.php?rest_route=%2Fwp%2Fv2%2Fproduct_brand&post=77808"},{"taxonomy":"product_cat","embeddable":true,"href":"https:\/\/ifoffice.pt\/index.php?rest_route=%2Fwp%2Fv2%2Fproduct_cat&post=77808"},{"taxonomy":"product_tag","embeddable":true,"href":"https:\/\/ifoffice.pt\/index.php?rest_route=%2Fwp%2Fv2%2Fproduct_tag&post=77808"}],"curies":[{"name":"wp","href":"https:\/\/api.w.org\/{rel}","templated":true}]}}