{"id":77687,"date":"2021-01-22T17:51:51","date_gmt":"2021-01-22T17:51:51","guid":{"rendered":"https:\/\/ifoffice.pt\/produto\/import-placeholder-for-154287\/"},"modified":"2025-03-12T11:27:39","modified_gmt":"2025-03-12T11:27:39","slug":"pluma-parker-jotter-acero-ct-plumin-f","status":"publish","type":"product","link":"https:\/\/ifoffice.pt\/?product=pluma-parker-jotter-acero-ct-plumin-f","title":{"rendered":"Pluma parker jotter acero ct plumin f"},"content":{"rendered":"<p>Caneta Parker Jotter. Corpo lacado. Tampa e aparo de a\u00e7o inoxid\u00e1vel. Adornos com acabamentos cromados. Recarga com cartuchos Parker. Apresenta\u00e7\u00e3o em estojo de Parker Jotter.<\/p>\n","protected":false},"excerpt":{"rendered":"<p>Pluma parker jotter acero ct plumin f<\/p>\n","protected":false},"featured_media":117245,"comment_status":"closed","ping_status":"closed","template":"","meta":{"neve_meta_sidebar":"","neve_meta_container":"","neve_meta_enable_content_width":"","neve_meta_content_width":0,"neve_meta_title_alignment":"","neve_meta_author_avatar":"","neve_post_elements_order":"","neve_meta_disable_header":"","neve_meta_disable_footer":"","neve_meta_disable_title":""},"product_brand":[],"product_cat":[1762],"product_tag":[963],"class_list":{"0":"post-77687","1":"product","2":"type-product","3":"status-publish","4":"has-post-thumbnail","6":"product_cat-estojo-parker","7":"product_tag-caneta","9":"first","10":"outofstock","11":"taxable","12":"shipping-taxable","13":"purchasable","14":"product-type-simple"},"_links":{"self":[{"href":"https:\/\/ifoffice.pt\/index.php?rest_route=\/wp\/v2\/product\/77687","targetHints":{"allow":["GET"]}}],"collection":[{"href":"https:\/\/ifoffice.pt\/index.php?rest_route=\/wp\/v2\/product"}],"about":[{"href":"https:\/\/ifoffice.pt\/index.php?rest_route=\/wp\/v2\/types\/product"}],"replies":[{"embeddable":true,"href":"https:\/\/ifoffice.pt\/index.php?rest_route=%2Fwp%2Fv2%2Fcomments&post=77687"}],"wp:featuredmedia":[{"embeddable":true,"href":"https:\/\/ifoffice.pt\/index.php?rest_route=\/wp\/v2\/media\/117245"}],"wp:attachment":[{"href":"https:\/\/ifoffice.pt\/index.php?rest_route=%2Fwp%2Fv2%2Fmedia&parent=77687"}],"wp:term":[{"taxonomy":"product_brand","embeddable":true,"href":"https:\/\/ifoffice.pt\/index.php?rest_route=%2Fwp%2Fv2%2Fproduct_brand&post=77687"},{"taxonomy":"product_cat","embeddable":true,"href":"https:\/\/ifoffice.pt\/index.php?rest_route=%2Fwp%2Fv2%2Fproduct_cat&post=77687"},{"taxonomy":"product_tag","embeddable":true,"href":"https:\/\/ifoffice.pt\/index.php?rest_route=%2Fwp%2Fv2%2Fproduct_tag&post=77687"}],"curies":[{"name":"wp","href":"https:\/\/api.w.org\/{rel}","templated":true}]}}