{"id":76263,"date":"2021-01-22T03:10:15","date_gmt":"2021-01-22T03:10:15","guid":{"rendered":"https:\/\/ifoffice.pt\/produto\/import-placeholder-for-155655\/"},"modified":"2026-04-09T15:26:00","modified_gmt":"2026-04-09T15:26:00","slug":"sapatos-de-seguranca-deltaplus-de-pele-preto-formato-37","status":"publish","type":"product","link":"https:\/\/ifoffice.pt\/?product=sapatos-de-seguranca-deltaplus-de-pele-preto-formato-37","title":{"rendered":"Sapatos de seguranca deltaplus de pele preto &#8211; ASTI S1PS SR"},"content":{"rendered":"<p>Cal\u00e7ado com camur\u00e7a e malha. Forro: Poli\u00e9ster. palmilha: remov\u00edvel &#8211; Poli\u00e9ster em EVA. Sola: injetada &#8211; PU bi-densidade. Sola Pu de dupla densidade: Amortecimento refor\u00e7ado. Grande resist\u00eancia \u00e0 abras\u00e3o. Ponta resistente a impactos. N\u00e3o condutor de calor nem frio. Uso profissional. Antiest\u00e1tico e antiderrapante. N\u00e3o magn\u00e9tico. Cor preta.<\/p>\n","protected":false},"excerpt":{"rendered":"<p>ASTI S1PS SR<\/p>\n","protected":false},"featured_media":143040,"comment_status":"closed","ping_status":"closed","template":"","meta":{"neve_meta_sidebar":"","neve_meta_container":"","neve_meta_enable_content_width":"off","neve_meta_content_width":100,"neve_meta_title_alignment":"","neve_meta_author_avatar":"","neve_post_elements_order":"","neve_meta_disable_header":"","neve_meta_disable_footer":"","neve_meta_disable_title":""},"product_brand":[],"product_cat":[1791],"product_tag":[1316,2949],"class_list":{"0":"post-76263","1":"product","2":"type-product","3":"status-publish","4":"has-post-thumbnail","6":"product_cat-prevencao","7":"product_tag-sapatos","8":"product_tag-seguranca-epis","10":"first","11":"instock","12":"taxable","13":"shipping-taxable","14":"purchasable","15":"product-type-variable","16":"has-default-attributes"},"_links":{"self":[{"href":"https:\/\/ifoffice.pt\/index.php?rest_route=\/wp\/v2\/product\/76263","targetHints":{"allow":["GET"]}}],"collection":[{"href":"https:\/\/ifoffice.pt\/index.php?rest_route=\/wp\/v2\/product"}],"about":[{"href":"https:\/\/ifoffice.pt\/index.php?rest_route=\/wp\/v2\/types\/product"}],"replies":[{"embeddable":true,"href":"https:\/\/ifoffice.pt\/index.php?rest_route=%2Fwp%2Fv2%2Fcomments&post=76263"}],"wp:featuredmedia":[{"embeddable":true,"href":"https:\/\/ifoffice.pt\/index.php?rest_route=\/wp\/v2\/media\/143040"}],"wp:attachment":[{"href":"https:\/\/ifoffice.pt\/index.php?rest_route=%2Fwp%2Fv2%2Fmedia&parent=76263"}],"wp:term":[{"taxonomy":"product_brand","embeddable":true,"href":"https:\/\/ifoffice.pt\/index.php?rest_route=%2Fwp%2Fv2%2Fproduct_brand&post=76263"},{"taxonomy":"product_cat","embeddable":true,"href":"https:\/\/ifoffice.pt\/index.php?rest_route=%2Fwp%2Fv2%2Fproduct_cat&post=76263"},{"taxonomy":"product_tag","embeddable":true,"href":"https:\/\/ifoffice.pt\/index.php?rest_route=%2Fwp%2Fv2%2Fproduct_tag&post=76263"}],"curies":[{"name":"wp","href":"https:\/\/api.w.org\/{rel}","templated":true}]}}