{"id":76053,"date":"2021-01-22T03:08:41","date_gmt":"2021-01-22T03:08:41","guid":{"rendered":"https:\/\/ifoffice.pt\/produto\/import-placeholder-for-155811\/"},"modified":"2026-02-23T13:05:49","modified_gmt":"2026-02-23T13:05:49","slug":"sapato-de-seguranca-paredes-ocupacional-hydra-preto-formato-40","status":"publish","type":"product","link":"https:\/\/ifoffice.pt\/?product=sapato-de-seguranca-paredes-ocupacional-hydra-preto-formato-40","title":{"rendered":"Sapato de seguranca paredes ocupacional hydra preto tamanho 40"},"content":{"rendered":"<p>Corte microfibra de \u00faltima genera\u00e7\u00e3o. N\u00e3o envelhece ou muda com o tempo. Respir\u00e1vel, lav\u00e1vel e adapt\u00e1vel ao p\u00e9. Sola de poliuretano. M\u00e1xima absor\u00e7\u00e3o de impactos gra\u00e7as ao seu design, composi\u00e7\u00e3o e densidade adequada de seus materiais, passa em todos os testes antiderrapantes. Resistente aos hidrocarbonetos. Palmilha anat\u00f3mica e antiimpactos com sistema de impulso de ar (PBS). Certificado: O1 FO SRC a normativa UNE EN ISO 20347.<\/p>\n","protected":false},"excerpt":{"rendered":"<p>Sapato de seguranca paredes ocupacional hydra preto tamanho 40<\/p>\n","protected":false},"featured_media":132787,"comment_status":"closed","ping_status":"closed","template":"","meta":{"neve_meta_sidebar":"","neve_meta_container":"","neve_meta_enable_content_width":"","neve_meta_content_width":0,"neve_meta_title_alignment":"","neve_meta_author_avatar":"","neve_post_elements_order":"","neve_meta_disable_header":"","neve_meta_disable_footer":"","neve_meta_disable_title":""},"product_brand":[],"product_cat":[1791],"product_tag":[1316],"class_list":{"0":"post-76053","1":"product","2":"type-product","3":"status-publish","4":"has-post-thumbnail","6":"product_cat-prevencao","7":"product_tag-sapatos","9":"first","10":"instock","11":"taxable","12":"shipping-taxable","13":"purchasable","14":"product-type-simple"},"_links":{"self":[{"href":"https:\/\/ifoffice.pt\/index.php?rest_route=\/wp\/v2\/product\/76053","targetHints":{"allow":["GET"]}}],"collection":[{"href":"https:\/\/ifoffice.pt\/index.php?rest_route=\/wp\/v2\/product"}],"about":[{"href":"https:\/\/ifoffice.pt\/index.php?rest_route=\/wp\/v2\/types\/product"}],"replies":[{"embeddable":true,"href":"https:\/\/ifoffice.pt\/index.php?rest_route=%2Fwp%2Fv2%2Fcomments&post=76053"}],"wp:featuredmedia":[{"embeddable":true,"href":"https:\/\/ifoffice.pt\/index.php?rest_route=\/wp\/v2\/media\/132787"}],"wp:attachment":[{"href":"https:\/\/ifoffice.pt\/index.php?rest_route=%2Fwp%2Fv2%2Fmedia&parent=76053"}],"wp:term":[{"taxonomy":"product_brand","embeddable":true,"href":"https:\/\/ifoffice.pt\/index.php?rest_route=%2Fwp%2Fv2%2Fproduct_brand&post=76053"},{"taxonomy":"product_cat","embeddable":true,"href":"https:\/\/ifoffice.pt\/index.php?rest_route=%2Fwp%2Fv2%2Fproduct_cat&post=76053"},{"taxonomy":"product_tag","embeddable":true,"href":"https:\/\/ifoffice.pt\/index.php?rest_route=%2Fwp%2Fv2%2Fproduct_tag&post=76053"}],"curies":[{"name":"wp","href":"https:\/\/api.w.org\/{rel}","templated":true}]}}