{"id":75962,"date":"2021-01-22T03:07:58","date_gmt":"2021-01-22T03:07:58","guid":{"rendered":"https:\/\/ifoffice.pt\/produto\/import-placeholder-for-155848\/"},"modified":"2026-02-23T13:05:43","modified_gmt":"2026-02-23T13:05:43","slug":"caneta-pincel-pentel-touch-para-caligrafia-expositor-com-75-unidades","status":"publish","type":"product","link":"https:\/\/ifoffice.pt\/?product=caneta-pincel-pentel-touch-para-caligrafia-expositor-com-75-unidades","title":{"rendered":"Caneta pincel pentel touch para caligrafia expositor com 75 unidades"},"content":{"rendered":"<p>Marcador \/ pincel com ponta flex\u00edvel, sem desgaste. Espessura da linha vari\u00e1vel, ideal para desenhos, ilustra\u00e7\u00f5es, caligrafia e muito mais. Feito com 81% de pl\u00e1stico reciclado. O marcador.<\/p>\n","protected":false},"excerpt":{"rendered":"<p>Caneta pincel pentel touch para caligrafia expositor com 75 unidades<\/p>\n","protected":false},"featured_media":116585,"comment_status":"closed","ping_status":"closed","template":"","meta":{"neve_meta_sidebar":"","neve_meta_container":"","neve_meta_enable_content_width":"","neve_meta_content_width":0,"neve_meta_title_alignment":"","neve_meta_author_avatar":"","neve_post_elements_order":"","neve_meta_disable_header":"","neve_meta_disable_footer":"","neve_meta_disable_title":""},"product_brand":[],"product_cat":[1751],"product_tag":[2880],"class_list":{"0":"post-75962","1":"product","2":"type-product","3":"status-publish","4":"has-post-thumbnail","6":"product_cat-marcadores-de-feltro","7":"product_tag-escolar2023","9":"first","10":"outofstock","11":"sale","12":"taxable","13":"shipping-taxable","14":"purchasable","15":"product-type-simple"},"_links":{"self":[{"href":"https:\/\/ifoffice.pt\/index.php?rest_route=\/wp\/v2\/product\/75962","targetHints":{"allow":["GET"]}}],"collection":[{"href":"https:\/\/ifoffice.pt\/index.php?rest_route=\/wp\/v2\/product"}],"about":[{"href":"https:\/\/ifoffice.pt\/index.php?rest_route=\/wp\/v2\/types\/product"}],"replies":[{"embeddable":true,"href":"https:\/\/ifoffice.pt\/index.php?rest_route=%2Fwp%2Fv2%2Fcomments&post=75962"}],"wp:featuredmedia":[{"embeddable":true,"href":"https:\/\/ifoffice.pt\/index.php?rest_route=\/wp\/v2\/media\/116585"}],"wp:attachment":[{"href":"https:\/\/ifoffice.pt\/index.php?rest_route=%2Fwp%2Fv2%2Fmedia&parent=75962"}],"wp:term":[{"taxonomy":"product_brand","embeddable":true,"href":"https:\/\/ifoffice.pt\/index.php?rest_route=%2Fwp%2Fv2%2Fproduct_brand&post=75962"},{"taxonomy":"product_cat","embeddable":true,"href":"https:\/\/ifoffice.pt\/index.php?rest_route=%2Fwp%2Fv2%2Fproduct_cat&post=75962"},{"taxonomy":"product_tag","embeddable":true,"href":"https:\/\/ifoffice.pt\/index.php?rest_route=%2Fwp%2Fv2%2Fproduct_tag&post=75962"}],"curies":[{"name":"wp","href":"https:\/\/api.w.org\/{rel}","templated":true}]}}