{"id":75429,"date":"2021-01-22T03:02:33","date_gmt":"2021-01-22T03:02:33","guid":{"rendered":"https:\/\/ifoffice.pt\/produto\/import-placeholder-for-156177\/"},"modified":"2026-02-23T13:05:13","modified_gmt":"2026-02-23T13:05:13","slug":"cesto-metalico-q-connect-com-sensor-automatico-capacidade-80-litros","status":"publish","type":"product","link":"https:\/\/ifoffice.pt\/?product=cesto-metalico-q-connect-com-sensor-automatico-capacidade-80-litros","title":{"rendered":"Cesto de papeis q-connect metalico com sensor automatico capacidade 80 litros"},"content":{"rendered":"<p>Cesto fabricado em metal com acabamento espelhado. Com sistema de abertura autom\u00e1tica que deteta os movimentos.  Resistente, higi\u00e9nico e seguro. Funciona com pilhas. Pilhas n\u00e3o inclu\u00eddas. Ideal para escrit\u00f3rios e restaurantes.<\/p>\n","protected":false},"excerpt":{"rendered":"<p>Cesto de papeis q-connect metalico com sensor automatico capacidade 80 litros<\/p>\n","protected":false},"featured_media":116390,"comment_status":"closed","ping_status":"closed","template":"","meta":{"neve_meta_sidebar":"","neve_meta_container":"","neve_meta_enable_content_width":"off","neve_meta_content_width":0,"neve_meta_title_alignment":"","neve_meta_author_avatar":"","neve_post_elements_order":"","neve_meta_disable_header":"","neve_meta_disable_footer":"","neve_meta_disable_title":""},"product_brand":[],"product_cat":[1821],"product_tag":[1066,1012],"class_list":{"0":"post-75429","1":"product","2":"type-product","3":"status-publish","4":"has-post-thumbnail","6":"product_cat-cesto-de-papeis","7":"product_tag-cestos-de-papeis","8":"product_tag-covid","10":"first","11":"instock","12":"sale","13":"taxable","14":"shipping-taxable","15":"purchasable","16":"product-type-simple"},"_links":{"self":[{"href":"https:\/\/ifoffice.pt\/index.php?rest_route=\/wp\/v2\/product\/75429","targetHints":{"allow":["GET"]}}],"collection":[{"href":"https:\/\/ifoffice.pt\/index.php?rest_route=\/wp\/v2\/product"}],"about":[{"href":"https:\/\/ifoffice.pt\/index.php?rest_route=\/wp\/v2\/types\/product"}],"replies":[{"embeddable":true,"href":"https:\/\/ifoffice.pt\/index.php?rest_route=%2Fwp%2Fv2%2Fcomments&post=75429"}],"wp:featuredmedia":[{"embeddable":true,"href":"https:\/\/ifoffice.pt\/index.php?rest_route=\/wp\/v2\/media\/116390"}],"wp:attachment":[{"href":"https:\/\/ifoffice.pt\/index.php?rest_route=%2Fwp%2Fv2%2Fmedia&parent=75429"}],"wp:term":[{"taxonomy":"product_brand","embeddable":true,"href":"https:\/\/ifoffice.pt\/index.php?rest_route=%2Fwp%2Fv2%2Fproduct_brand&post=75429"},{"taxonomy":"product_cat","embeddable":true,"href":"https:\/\/ifoffice.pt\/index.php?rest_route=%2Fwp%2Fv2%2Fproduct_cat&post=75429"},{"taxonomy":"product_tag","embeddable":true,"href":"https:\/\/ifoffice.pt\/index.php?rest_route=%2Fwp%2Fv2%2Fproduct_tag&post=75429"}],"curies":[{"name":"wp","href":"https:\/\/api.w.org\/{rel}","templated":true}]}}