{"id":75158,"date":"2021-01-22T03:00:13","date_gmt":"2021-01-22T03:00:13","guid":{"rendered":"https:\/\/ifoffice.pt\/produto\/import-placeholder-for-156342\/"},"modified":"2025-03-12T11:24:02","modified_gmt":"2025-03-12T11:24:02","slug":"auricular-plantronics-voyager-4210-uc-monoaural-com-microfone-usb-a","status":"publish","type":"product","link":"https:\/\/ifoffice.pt\/?product=auricular-plantronics-voyager-4210-uc-monoaural-com-microfone-usb-a","title":{"rendered":"Auricular plantronics voyager 4210 uc monoaural com microfone usb-a"},"content":{"rendered":"<p>Auricular com microfone. Com a elei\u00e7\u00e3o de st\u00e9reo ou mono, um som n\u00edtido, sem fios e a possibilidade de alterar de forma fluida entre telefone m\u00f3vel e PC. Conectividade USB-A ou USB-C. Indicador de chamada e anula\u00e7\u00e3o de ru\u00eddo flex\u00edvel. At\u00e9 12 horas de tempo de conversa\u00e7\u00e3o e 15 horas de tempo de escuta. Alcance at\u00e9 30 m. Bluetooth. Carga completa numa hora e meia.<\/p>\n","protected":false},"excerpt":{"rendered":"<p>Auricular plantronics voyager 4210 uc monoaural com microfone usb-a<\/p>\n","protected":false},"featured_media":116288,"comment_status":"closed","ping_status":"closed","template":"","meta":{"neve_meta_sidebar":"","neve_meta_container":"","neve_meta_enable_content_width":"off","neve_meta_content_width":0,"neve_meta_title_alignment":"","neve_meta_author_avatar":"","neve_post_elements_order":"","neve_meta_disable_header":"","neve_meta_disable_footer":"","neve_meta_disable_title":""},"product_brand":[],"product_cat":[1805],"product_tag":[],"class_list":{"0":"post-75158","1":"product","2":"type-product","3":"status-publish","4":"has-post-thumbnail","6":"product_cat-colunas-microfones-webcam","8":"first","9":"outofstock","10":"taxable","11":"shipping-taxable","12":"purchasable","13":"product-type-simple"},"_links":{"self":[{"href":"https:\/\/ifoffice.pt\/index.php?rest_route=\/wp\/v2\/product\/75158","targetHints":{"allow":["GET"]}}],"collection":[{"href":"https:\/\/ifoffice.pt\/index.php?rest_route=\/wp\/v2\/product"}],"about":[{"href":"https:\/\/ifoffice.pt\/index.php?rest_route=\/wp\/v2\/types\/product"}],"replies":[{"embeddable":true,"href":"https:\/\/ifoffice.pt\/index.php?rest_route=%2Fwp%2Fv2%2Fcomments&post=75158"}],"wp:featuredmedia":[{"embeddable":true,"href":"https:\/\/ifoffice.pt\/index.php?rest_route=\/wp\/v2\/media\/116288"}],"wp:attachment":[{"href":"https:\/\/ifoffice.pt\/index.php?rest_route=%2Fwp%2Fv2%2Fmedia&parent=75158"}],"wp:term":[{"taxonomy":"product_brand","embeddable":true,"href":"https:\/\/ifoffice.pt\/index.php?rest_route=%2Fwp%2Fv2%2Fproduct_brand&post=75158"},{"taxonomy":"product_cat","embeddable":true,"href":"https:\/\/ifoffice.pt\/index.php?rest_route=%2Fwp%2Fv2%2Fproduct_cat&post=75158"},{"taxonomy":"product_tag","embeddable":true,"href":"https:\/\/ifoffice.pt\/index.php?rest_route=%2Fwp%2Fv2%2Fproduct_tag&post=75158"}],"curies":[{"name":"wp","href":"https:\/\/api.w.org\/{rel}","templated":true}]}}