{"id":74224,"date":"2021-01-22T02:46:01","date_gmt":"2021-01-22T02:46:01","guid":{"rendered":"https:\/\/ifoffice.pt\/produto\/import-placeholder-for-159428\/"},"modified":"2026-02-23T13:03:44","modified_gmt":"2026-02-23T13:03:44","slug":"embalagem-de-lencos-de-papel-renova","status":"publish","type":"product","link":"https:\/\/ifoffice.pt\/?product=embalagem-de-lencos-de-papel-renova","title":{"rendered":"Embalagem de lencos de papel renova pack de 10 unidades"},"content":{"rendered":"<p>Len\u00e7os descart\u00e1veis suaves e resistentes. 2 folhas.  Medidas do len\u00e7o:  50 x 270 x 100 mm. Pack de 10 unidades.<\/p>\n","protected":false},"excerpt":{"rendered":"<p>Embalagem de lencos de papel renova pack de 10 unidades<\/p>\n","protected":false},"featured_media":115949,"comment_status":"closed","ping_status":"closed","template":"","meta":{"neve_meta_sidebar":"","neve_meta_container":"","neve_meta_enable_content_width":"off","neve_meta_content_width":0,"neve_meta_title_alignment":"","neve_meta_author_avatar":"","neve_post_elements_order":"","neve_meta_disable_header":"","neve_meta_disable_footer":"","neve_meta_disable_title":""},"product_brand":[],"product_cat":[1816],"product_tag":[1094],"class_list":{"0":"post-74224","1":"product","2":"type-product","3":"status-publish","4":"has-post-thumbnail","6":"product_cat-lencos-papel-papel-hig-toalhe","7":"product_tag-lencos","9":"first","10":"instock","11":"taxable","12":"shipping-taxable","13":"purchasable","14":"product-type-simple"},"_links":{"self":[{"href":"https:\/\/ifoffice.pt\/index.php?rest_route=\/wp\/v2\/product\/74224","targetHints":{"allow":["GET"]}}],"collection":[{"href":"https:\/\/ifoffice.pt\/index.php?rest_route=\/wp\/v2\/product"}],"about":[{"href":"https:\/\/ifoffice.pt\/index.php?rest_route=\/wp\/v2\/types\/product"}],"replies":[{"embeddable":true,"href":"https:\/\/ifoffice.pt\/index.php?rest_route=%2Fwp%2Fv2%2Fcomments&post=74224"}],"wp:featuredmedia":[{"embeddable":true,"href":"https:\/\/ifoffice.pt\/index.php?rest_route=\/wp\/v2\/media\/115949"}],"wp:attachment":[{"href":"https:\/\/ifoffice.pt\/index.php?rest_route=%2Fwp%2Fv2%2Fmedia&parent=74224"}],"wp:term":[{"taxonomy":"product_brand","embeddable":true,"href":"https:\/\/ifoffice.pt\/index.php?rest_route=%2Fwp%2Fv2%2Fproduct_brand&post=74224"},{"taxonomy":"product_cat","embeddable":true,"href":"https:\/\/ifoffice.pt\/index.php?rest_route=%2Fwp%2Fv2%2Fproduct_cat&post=74224"},{"taxonomy":"product_tag","embeddable":true,"href":"https:\/\/ifoffice.pt\/index.php?rest_route=%2Fwp%2Fv2%2Fproduct_tag&post=74224"}],"curies":[{"name":"wp","href":"https:\/\/api.w.org\/{rel}","templated":true}]}}