{"id":73867,"date":"2021-01-22T02:41:32","date_gmt":"2021-01-22T02:41:32","guid":{"rendered":"https:\/\/ifoffice.pt\/produto\/import-placeholder-for-159776\/"},"modified":"2025-03-12T11:22:51","modified_gmt":"2025-03-12T11:22:51","slug":"toalhita-higienizante-hidroalcoolicas-q-connect-caixa-de-12-unidades","status":"publish","type":"product","link":"https:\/\/ifoffice.pt\/?product=toalhita-higienizante-hidroalcoolicas-q-connect-caixa-de-12-unidades","title":{"rendered":"Toalhita higienizante hidroalcoolicas q-connect caixa de 12 unidades"},"content":{"rendered":"<p>Conjunto de toalhitas higienizantes hidroalco\u00f3licos para limpeza e desinfe\u00e7\u00e3o das m\u00e3os e superf\u00edcies frequentemente utilizadas (smartphones, barras de carrinho de compras, teclados). Fabricadas em material compost\u00e1vel e apresentado numa caixa de 12 unidades. Embalagem de dose \u00fanica de 2 ml.  Teor alco\u00f3lico: 70%. Tamanho da toalhita desdobrada: 155 x 165 mm. A caixa.<\/p>\n","protected":false},"excerpt":{"rendered":"<p>Toalhita higienizante hidroalcoolicas q-connect caixa de 12 unidades<\/p>\n","protected":false},"featured_media":115803,"comment_status":"closed","ping_status":"closed","template":"","meta":{"neve_meta_sidebar":"","neve_meta_container":"","neve_meta_enable_content_width":"off","neve_meta_content_width":0,"neve_meta_title_alignment":"","neve_meta_author_avatar":"","neve_post_elements_order":"","neve_meta_disable_header":"","neve_meta_disable_footer":"","neve_meta_disable_title":""},"product_brand":[],"product_cat":[1791],"product_tag":[1012,1053],"class_list":{"0":"post-73867","1":"product","2":"type-product","3":"status-publish","4":"has-post-thumbnail","6":"product_cat-prevencao","7":"product_tag-covid","8":"product_tag-toalhitas","10":"first","11":"outofstock","12":"featured","13":"taxable","14":"shipping-taxable","15":"purchasable","16":"product-type-simple"},"_links":{"self":[{"href":"https:\/\/ifoffice.pt\/index.php?rest_route=\/wp\/v2\/product\/73867","targetHints":{"allow":["GET"]}}],"collection":[{"href":"https:\/\/ifoffice.pt\/index.php?rest_route=\/wp\/v2\/product"}],"about":[{"href":"https:\/\/ifoffice.pt\/index.php?rest_route=\/wp\/v2\/types\/product"}],"replies":[{"embeddable":true,"href":"https:\/\/ifoffice.pt\/index.php?rest_route=%2Fwp%2Fv2%2Fcomments&post=73867"}],"wp:featuredmedia":[{"embeddable":true,"href":"https:\/\/ifoffice.pt\/index.php?rest_route=\/wp\/v2\/media\/115803"}],"wp:attachment":[{"href":"https:\/\/ifoffice.pt\/index.php?rest_route=%2Fwp%2Fv2%2Fmedia&parent=73867"}],"wp:term":[{"taxonomy":"product_brand","embeddable":true,"href":"https:\/\/ifoffice.pt\/index.php?rest_route=%2Fwp%2Fv2%2Fproduct_brand&post=73867"},{"taxonomy":"product_cat","embeddable":true,"href":"https:\/\/ifoffice.pt\/index.php?rest_route=%2Fwp%2Fv2%2Fproduct_cat&post=73867"},{"taxonomy":"product_tag","embeddable":true,"href":"https:\/\/ifoffice.pt\/index.php?rest_route=%2Fwp%2Fv2%2Fproduct_tag&post=73867"}],"curies":[{"name":"wp","href":"https:\/\/api.w.org\/{rel}","templated":true}]}}