{"id":73691,"date":"2021-01-22T02:39:37","date_gmt":"2021-01-22T02:39:37","guid":{"rendered":"https:\/\/ifoffice.pt\/produto\/import-placeholder-for-159926\/"},"modified":"2026-02-23T13:03:04","modified_gmt":"2026-02-23T13:03:04","slug":"pasta-de-arquivo-de-alavanca-elba-top-cartao-compacto-polipropileno-com-rado-din-a4-lombada-de-80-mm-vermelho","status":"publish","type":"product","link":"https:\/\/ifoffice.pt\/?product=pasta-de-arquivo-de-alavanca-elba-top-cartao-compacto-polipropileno-com-rado-din-a4-lombada-de-80-mm-vermelho","title":{"rendered":"Pasta de arquivo de alavanca elba top cartao compacto polipropileno com rado din a4 lombada de 80 mm vermelho"},"content":{"rendered":"<p>Pasta de arquivo de alavanca fabricada em cart\u00e3o forrado em PVC no exterior e papel no interior. Com calhas met\u00e1licas, \u00f3culo, rado e porta etiquetas na lombada com etiqueta. Lombada de 80 mm. Medidas: 290 x 350 mm. A pasta de arquivo.<\/p>\n","protected":false},"excerpt":{"rendered":"<p>Pasta de arquivo de alavanca elba top cartao compacto polipropileno com rado din a4 lombada de 80 mm vermelho<\/p>\n","protected":false},"featured_media":115699,"comment_status":"closed","ping_status":"closed","template":"","meta":{"neve_meta_sidebar":"","neve_meta_container":"","neve_meta_enable_content_width":"off","neve_meta_content_width":0,"neve_meta_title_alignment":"","neve_meta_author_avatar":"","neve_post_elements_order":"","neve_meta_disable_header":"","neve_meta_disable_footer":"","neve_meta_disable_title":""},"product_brand":[],"product_cat":[1822],"product_tag":[1009],"class_list":{"0":"post-73691","1":"product","2":"type-product","3":"status-publish","4":"has-post-thumbnail","6":"product_cat-pastas-de-arquivo","7":"product_tag-2-75-mm","9":"first","10":"instock","11":"taxable","12":"shipping-taxable","13":"purchasable","14":"product-type-simple"},"_links":{"self":[{"href":"https:\/\/ifoffice.pt\/index.php?rest_route=\/wp\/v2\/product\/73691","targetHints":{"allow":["GET"]}}],"collection":[{"href":"https:\/\/ifoffice.pt\/index.php?rest_route=\/wp\/v2\/product"}],"about":[{"href":"https:\/\/ifoffice.pt\/index.php?rest_route=\/wp\/v2\/types\/product"}],"replies":[{"embeddable":true,"href":"https:\/\/ifoffice.pt\/index.php?rest_route=%2Fwp%2Fv2%2Fcomments&post=73691"}],"wp:featuredmedia":[{"embeddable":true,"href":"https:\/\/ifoffice.pt\/index.php?rest_route=\/wp\/v2\/media\/115699"}],"wp:attachment":[{"href":"https:\/\/ifoffice.pt\/index.php?rest_route=%2Fwp%2Fv2%2Fmedia&parent=73691"}],"wp:term":[{"taxonomy":"product_brand","embeddable":true,"href":"https:\/\/ifoffice.pt\/index.php?rest_route=%2Fwp%2Fv2%2Fproduct_brand&post=73691"},{"taxonomy":"product_cat","embeddable":true,"href":"https:\/\/ifoffice.pt\/index.php?rest_route=%2Fwp%2Fv2%2Fproduct_cat&post=73691"},{"taxonomy":"product_tag","embeddable":true,"href":"https:\/\/ifoffice.pt\/index.php?rest_route=%2Fwp%2Fv2%2Fproduct_tag&post=73691"}],"curies":[{"name":"wp","href":"https:\/\/api.w.org\/{rel}","templated":true}]}}

<p>Pasta de arquivo de alavanca fabricada em cartão forrado em PVC no exterior e papel no interior. Com calhas metálicas, óculo, rado e porta etiquetas na lombada com etiqueta. Lombada de 80 mm. Medidas: 290 x 350 mm. A pasta de arquivo.</p>
