{"id":73626,"date":"2021-01-22T02:37:23","date_gmt":"2021-01-22T02:37:23","guid":{"rendered":"https:\/\/ifoffice.pt\/produto\/import-placeholder-for-159956\/"},"modified":"2026-02-23T13:03:02","modified_gmt":"2026-02-23T13:03:02","slug":"gel-hidroalcoolico-dahi-higienizante-para-maos-garrafa-de-25-litros","status":"publish","type":"product","link":"https:\/\/ifoffice.pt\/?product=gel-hidroalcoolico-dahi-higienizante-para-maos-garrafa-de-25-litros","title":{"rendered":"Gel hidroalcoolico dahi higienizante para maos garrafa de 25 litros"},"content":{"rendered":"<p>Ideal para uma limpeza higi\u00e9nica completa das m\u00e3os sem enxaguamento. A redu\u00e7\u00e3o de germes \u00e9 produzida gra\u00e7as ao seu conte\u00fado em TRIC LOSAN, CHLORHEXIDINE  e am\u00f3nios quatern\u00e1rios que atuam como agentes antimicrobianos e anti-s\u00e9pticos.  A garrafa de 25 l.<\/p>\n","protected":false},"excerpt":{"rendered":"<p>Gel hidroalcoolico dahi higienizante para maos garrafa de 25 litros<\/p>\n","protected":false},"featured_media":115676,"comment_status":"closed","ping_status":"closed","template":"","meta":{"neve_meta_sidebar":"","neve_meta_container":"","neve_meta_enable_content_width":"off","neve_meta_content_width":0,"neve_meta_title_alignment":"","neve_meta_author_avatar":"","neve_post_elements_order":"","neve_meta_disable_header":"","neve_meta_disable_footer":"","neve_meta_disable_title":""},"product_brand":[],"product_cat":[1791],"product_tag":[1012,886],"class_list":{"0":"post-73626","1":"product","2":"type-product","3":"status-publish","4":"has-post-thumbnail","6":"product_cat-prevencao","7":"product_tag-covid","8":"product_tag-higiene-pessoal","10":"first","11":"instock","12":"featured","13":"taxable","14":"shipping-taxable","15":"purchasable","16":"product-type-simple"},"_links":{"self":[{"href":"https:\/\/ifoffice.pt\/index.php?rest_route=\/wp\/v2\/product\/73626","targetHints":{"allow":["GET"]}}],"collection":[{"href":"https:\/\/ifoffice.pt\/index.php?rest_route=\/wp\/v2\/product"}],"about":[{"href":"https:\/\/ifoffice.pt\/index.php?rest_route=\/wp\/v2\/types\/product"}],"replies":[{"embeddable":true,"href":"https:\/\/ifoffice.pt\/index.php?rest_route=%2Fwp%2Fv2%2Fcomments&post=73626"}],"wp:featuredmedia":[{"embeddable":true,"href":"https:\/\/ifoffice.pt\/index.php?rest_route=\/wp\/v2\/media\/115676"}],"wp:attachment":[{"href":"https:\/\/ifoffice.pt\/index.php?rest_route=%2Fwp%2Fv2%2Fmedia&parent=73626"}],"wp:term":[{"taxonomy":"product_brand","embeddable":true,"href":"https:\/\/ifoffice.pt\/index.php?rest_route=%2Fwp%2Fv2%2Fproduct_brand&post=73626"},{"taxonomy":"product_cat","embeddable":true,"href":"https:\/\/ifoffice.pt\/index.php?rest_route=%2Fwp%2Fv2%2Fproduct_cat&post=73626"},{"taxonomy":"product_tag","embeddable":true,"href":"https:\/\/ifoffice.pt\/index.php?rest_route=%2Fwp%2Fv2%2Fproduct_tag&post=73626"}],"curies":[{"name":"wp","href":"https:\/\/api.w.org\/{rel}","templated":true}]}}