{"id":73423,"date":"2021-01-22T02:33:13","date_gmt":"2021-01-22T02:33:13","guid":{"rendered":"https:\/\/ifoffice.pt\/produto\/import-placeholder-for-160228\/"},"modified":"2025-03-12T11:22:10","modified_gmt":"2025-03-12T11:22:10","slug":"furador-petrus-cosy-cor-cinza-capacidade-30-folhas","status":"publish","type":"product","link":"https:\/\/ifoffice.pt\/?product=furador-petrus-cosy-cor-cinza-capacidade-30-folhas","title":{"rendered":"Furador petrus cosy cor cinza capacidade 30 folhas"},"content":{"rendered":"<p>Robusto e seguro para uso di\u00e1rio. Inclui uma fechadura de seguran\u00e7a. O design inovador da tampa e os buracos ultra afiados asseguram uma fura\u00e7\u00e3o sem esfor\u00e7o de at\u00e9 30 folhas de papel.<\/p>\n","protected":false},"excerpt":{"rendered":"<p>Furador petrus cosy cor cinza capacidade 30 folhas<\/p>\n","protected":false},"featured_media":115510,"comment_status":"closed","ping_status":"closed","template":"","meta":{"neve_meta_sidebar":"","neve_meta_container":"","neve_meta_enable_content_width":"","neve_meta_content_width":0,"neve_meta_title_alignment":"","neve_meta_author_avatar":"","neve_post_elements_order":"","neve_meta_disable_header":"","neve_meta_disable_footer":"","neve_meta_disable_title":""},"product_brand":[],"product_cat":[1810],"product_tag":[2847],"class_list":{"0":"post-73423","1":"product","2":"type-product","3":"status-publish","4":"has-post-thumbnail","6":"product_cat-furadores-de-secretaria","7":"product_tag-furadores-de-secretaria-2","9":"first","10":"outofstock","11":"taxable","12":"shipping-taxable","13":"purchasable","14":"product-type-simple"},"_links":{"self":[{"href":"https:\/\/ifoffice.pt\/index.php?rest_route=\/wp\/v2\/product\/73423","targetHints":{"allow":["GET"]}}],"collection":[{"href":"https:\/\/ifoffice.pt\/index.php?rest_route=\/wp\/v2\/product"}],"about":[{"href":"https:\/\/ifoffice.pt\/index.php?rest_route=\/wp\/v2\/types\/product"}],"replies":[{"embeddable":true,"href":"https:\/\/ifoffice.pt\/index.php?rest_route=%2Fwp%2Fv2%2Fcomments&post=73423"}],"wp:featuredmedia":[{"embeddable":true,"href":"https:\/\/ifoffice.pt\/index.php?rest_route=\/wp\/v2\/media\/115510"}],"wp:attachment":[{"href":"https:\/\/ifoffice.pt\/index.php?rest_route=%2Fwp%2Fv2%2Fmedia&parent=73423"}],"wp:term":[{"taxonomy":"product_brand","embeddable":true,"href":"https:\/\/ifoffice.pt\/index.php?rest_route=%2Fwp%2Fv2%2Fproduct_brand&post=73423"},{"taxonomy":"product_cat","embeddable":true,"href":"https:\/\/ifoffice.pt\/index.php?rest_route=%2Fwp%2Fv2%2Fproduct_cat&post=73423"},{"taxonomy":"product_tag","embeddable":true,"href":"https:\/\/ifoffice.pt\/index.php?rest_route=%2Fwp%2Fv2%2Fproduct_tag&post=73423"}],"curies":[{"name":"wp","href":"https:\/\/api.w.org\/{rel}","templated":true}]}}