{"id":73338,"date":"2021-01-22T02:32:05","date_gmt":"2021-01-22T02:32:05","guid":{"rendered":"https:\/\/ifoffice.pt\/produto\/import-placeholder-for-160407\/"},"modified":"2026-02-23T14:49:40","modified_gmt":"2026-02-23T14:49:40","slug":"esferografica-pentel-bk77-antibacterial-verde","status":"publish","type":"product","link":"https:\/\/ifoffice.pt\/?product=esferografica-pentel-bk77-antibacterial-verde","title":{"rendered":"Esferografica pentel bk77 antibacterial verde"},"content":{"rendered":"<p>Esferogr\u00e1fica com part\u00edculas antibacterianas que impedem a prolifera\u00e7\u00e3o das bact\u00e9rias depositadas na sua superf\u00edcie, diminuindo consideravelmente o n\u00famero de bact\u00e9rias em poucas horas. Quase todas as bact\u00e9rias s\u00e3o eliminadas ap\u00f3s 24h. Certificada ISO 22196. Ponta met\u00e1lica. Tinta \u00e0 base de \u00f3leo. 1,200 metros de escrita. Ponta de 0,7 mm. Tra\u00e7o de 0,27 mm. A esferogr\u00e1fica.<\/p>\n","protected":false},"excerpt":{"rendered":"<p>PACK DE 12 UNIDADES<\/p>\n","protected":false},"featured_media":115401,"comment_status":"closed","ping_status":"closed","template":"","meta":{"neve_meta_sidebar":"","neve_meta_container":"","neve_meta_enable_content_width":"off","neve_meta_content_width":70,"neve_meta_title_alignment":"","neve_meta_author_avatar":"","neve_post_elements_order":"","neve_meta_disable_header":"","neve_meta_disable_footer":"","neve_meta_disable_title":""},"product_brand":[],"product_cat":[1761],"product_tag":[923],"class_list":{"0":"post-73338","1":"product","2":"type-product","3":"status-publish","4":"has-post-thumbnail","6":"product_cat-esferograficas","7":"product_tag-oleo","9":"first","10":"instock","11":"taxable","12":"shipping-taxable","13":"purchasable","14":"product-type-simple"},"_links":{"self":[{"href":"https:\/\/ifoffice.pt\/index.php?rest_route=\/wp\/v2\/product\/73338","targetHints":{"allow":["GET"]}}],"collection":[{"href":"https:\/\/ifoffice.pt\/index.php?rest_route=\/wp\/v2\/product"}],"about":[{"href":"https:\/\/ifoffice.pt\/index.php?rest_route=\/wp\/v2\/types\/product"}],"replies":[{"embeddable":true,"href":"https:\/\/ifoffice.pt\/index.php?rest_route=%2Fwp%2Fv2%2Fcomments&post=73338"}],"wp:featuredmedia":[{"embeddable":true,"href":"https:\/\/ifoffice.pt\/index.php?rest_route=\/wp\/v2\/media\/115401"}],"wp:attachment":[{"href":"https:\/\/ifoffice.pt\/index.php?rest_route=%2Fwp%2Fv2%2Fmedia&parent=73338"}],"wp:term":[{"taxonomy":"product_brand","embeddable":true,"href":"https:\/\/ifoffice.pt\/index.php?rest_route=%2Fwp%2Fv2%2Fproduct_brand&post=73338"},{"taxonomy":"product_cat","embeddable":true,"href":"https:\/\/ifoffice.pt\/index.php?rest_route=%2Fwp%2Fv2%2Fproduct_cat&post=73338"},{"taxonomy":"product_tag","embeddable":true,"href":"https:\/\/ifoffice.pt\/index.php?rest_route=%2Fwp%2Fv2%2Fproduct_tag&post=73338"}],"curies":[{"name":"wp","href":"https:\/\/api.w.org\/{rel}","templated":true}]}}