{"id":134183,"date":"2024-10-24T08:48:36","date_gmt":"2024-10-24T08:48:36","guid":{"rendered":"https:\/\/ifoffice.pt\/?post_type=product&#038;p=134183"},"modified":"2025-03-12T12:55:15","modified_gmt":"2025-03-12T12:55:15","slug":"cavalete-flipchart-nobo-essence-em-melamina","status":"publish","type":"product","link":"https:\/\/ifoffice.pt\/?product=cavalete-flipchart-nobo-essence-em-melamina","title":{"rendered":"Cavalete flipchart NOBO ESSENCE em Melamina"},"content":{"rendered":"<p>\u2022 A superf\u00edcie do quadro branco n\u00e3o magn\u00e9tico em<br \/>\nmelamina.<br \/>\n\u2022 Oferece um razo\u00e1vel n\u00edvel de apagamento. para uso n\u00e3o<br \/>\nintenso<br \/>\n\u2022 Base de trip\u00e9 ajust\u00e1vel em altura<br \/>\n\u2022 Fornecido com ganchos ajust\u00e1veis e bandeja para<br \/>\nmarcadores<br \/>\n\u2022 3 anos de garantia<\/p>\n<p>Medidas:<\/p>\n<p>Total altura (m\u00e1x extens\u00e3o) 1840<br \/>\nTotal altura (minima extens\u00e3o) 1030<br \/>\nTotal largura (com p\u00e9s) 895<br \/>\nAltura painel 1050<br \/>\nLargura painel 680<br \/>\nTotal profundidade 1025<br \/>\nProfundidade painel 14<br \/>\nSuporte papel altura 70<\/p>\n<p><span style=\"color: #999999;\"><em>Quadro branco Cavalete flipchart NOBO ESSENCE<\/em><\/span><\/p>\n","protected":false},"excerpt":{"rendered":"<p>\u2022 A superf\u00edcie do quadro branco n\u00e3o magn\u00e9tico em melamina. \u2022 Oferece um razo\u00e1vel n\u00edvel de apagamento. para uso n\u00e3o intenso \u2022 Base de trip\u00e9 ajust\u00e1vel em altura \u2022 Fornecido com ganchos ajust\u00e1veis e bandeja para marcadores \u2022 3 anos de garantia Medidas: Total altura (m\u00e1x extens\u00e3o) 1840 Total altura (minima extens\u00e3o) 1030 Total largura (com p\u00e9s) 895 Altura painel 1050 Largura painel 680 Total profundidade 1025 Profundidade painel 14 Suporte papel altura 70 Quadro branco Cavalete flipchart NOBO ESSENCE<\/p>\n","protected":false},"featured_media":134185,"comment_status":"closed","ping_status":"closed","template":"","meta":{"neve_meta_sidebar":"","neve_meta_container":"","neve_meta_enable_content_width":"off","neve_meta_content_width":70,"neve_meta_title_alignment":"","neve_meta_author_avatar":"","neve_post_elements_order":"","neve_meta_disable_header":"","neve_meta_disable_footer":"","neve_meta_disable_title":""},"product_brand":[],"product_cat":[1863],"product_tag":[1219,3024],"class_list":{"0":"post-134183","1":"product","2":"type-product","3":"status-publish","4":"has-post-thumbnail","6":"product_cat-quadros-brancos","7":"product_tag-branca","8":"product_tag-nobo-essence","10":"first","11":"outofstock","12":"sale","13":"taxable","14":"shipping-taxable","15":"purchasable","16":"product-type-simple"},"_links":{"self":[{"href":"https:\/\/ifoffice.pt\/index.php?rest_route=\/wp\/v2\/product\/134183","targetHints":{"allow":["GET"]}}],"collection":[{"href":"https:\/\/ifoffice.pt\/index.php?rest_route=\/wp\/v2\/product"}],"about":[{"href":"https:\/\/ifoffice.pt\/index.php?rest_route=\/wp\/v2\/types\/product"}],"replies":[{"embeddable":true,"href":"https:\/\/ifoffice.pt\/index.php?rest_route=%2Fwp%2Fv2%2Fcomments&post=134183"}],"wp:featuredmedia":[{"embeddable":true,"href":"https:\/\/ifoffice.pt\/index.php?rest_route=\/wp\/v2\/media\/134185"}],"wp:attachment":[{"href":"https:\/\/ifoffice.pt\/index.php?rest_route=%2Fwp%2Fv2%2Fmedia&parent=134183"}],"wp:term":[{"taxonomy":"product_brand","embeddable":true,"href":"https:\/\/ifoffice.pt\/index.php?rest_route=%2Fwp%2Fv2%2Fproduct_brand&post=134183"},{"taxonomy":"product_cat","embeddable":true,"href":"https:\/\/ifoffice.pt\/index.php?rest_route=%2Fwp%2Fv2%2Fproduct_cat&post=134183"},{"taxonomy":"product_tag","embeddable":true,"href":"https:\/\/ifoffice.pt\/index.php?rest_route=%2Fwp%2Fv2%2Fproduct_tag&post=134183"}],"curies":[{"name":"wp","href":"https:\/\/api.w.org\/{rel}","templated":true}]}}