{"id":133986,"date":"2024-10-08T10:10:44","date_gmt":"2024-10-08T10:10:44","guid":{"rendered":"https:\/\/ifoffice.pt\/?post_type=product&#038;p=133986"},"modified":"2025-03-12T12:55:12","modified_gmt":"2025-03-12T12:55:12","slug":"lapis-facial-giotto-vampiro-3-cores","status":"publish","type":"product","link":"https:\/\/ifoffice.pt\/?product=lapis-facial-giotto-vampiro-3-cores","title":{"rendered":"L\u00e1pis Facial Giotto Vampiro 3 Cores"},"content":{"rendered":"<p>Queres aprender a realizar esta simples e aterradora maquilhagem de Vampiro?<br \/>\nCom os l\u00e1pis cosm\u00e9ticos Giotto Make Up Vampire \u00e9 muito f\u00e1cil e vais ver como ficam bem!<\/p>\n<p>Uma f\u00f3rmula de cor f\u00e1cil de aplicar, feita para secar rapidamente e lavar facilmente com \u00e1gua.<br \/>\nAs pinturas Giotto Make Up s\u00e3o dermatologicamente testadas<\/p>\n<p>Cores: Preto, Vermelho e Branco<\/p>\n<p>Adequado para crian\u00e7as com mais de 4 anos<br \/>\nCom supervis\u00e3o de adultos<\/p>\n","protected":false},"excerpt":{"rendered":"<p>Queres aprender a realizar esta simples e aterradora maquilhagem de Vampiro? Com os l\u00e1pis cosm\u00e9ticos Giotto Make Up Vampire \u00e9 muito f\u00e1cil e vais ver como ficam bem! Uma f\u00f3rmula de cor f\u00e1cil de aplicar, feita para secar rapidamente e lavar facilmente com \u00e1gua. As pinturas Giotto Make Up s\u00e3o dermatologicamente testadas Cores: Preto, Vermelho e Branco Adequado para crian\u00e7as com mais de 4 anos Com supervis\u00e3o de adultos<\/p>\n","protected":false},"featured_media":133987,"comment_status":"open","ping_status":"closed","template":"","meta":{"neve_meta_sidebar":"","neve_meta_container":"","neve_meta_enable_content_width":"off","neve_meta_content_width":100,"neve_meta_title_alignment":"","neve_meta_author_avatar":"","neve_post_elements_order":"","neve_meta_disable_header":"","neve_meta_disable_footer":"","neve_meta_disable_title":""},"product_brand":[],"product_cat":[1938],"product_tag":[3014],"class_list":{"0":"post-133986","1":"product","2":"type-product","3":"status-publish","4":"has-post-thumbnail","6":"product_cat-pintura-a-dedos-e-maquilhagem","7":"product_tag-halloween","9":"first","10":"outofstock","11":"taxable","12":"shipping-taxable","13":"purchasable","14":"product-type-simple"},"_links":{"self":[{"href":"https:\/\/ifoffice.pt\/index.php?rest_route=\/wp\/v2\/product\/133986","targetHints":{"allow":["GET"]}}],"collection":[{"href":"https:\/\/ifoffice.pt\/index.php?rest_route=\/wp\/v2\/product"}],"about":[{"href":"https:\/\/ifoffice.pt\/index.php?rest_route=\/wp\/v2\/types\/product"}],"replies":[{"embeddable":true,"href":"https:\/\/ifoffice.pt\/index.php?rest_route=%2Fwp%2Fv2%2Fcomments&post=133986"}],"wp:featuredmedia":[{"embeddable":true,"href":"https:\/\/ifoffice.pt\/index.php?rest_route=\/wp\/v2\/media\/133987"}],"wp:attachment":[{"href":"https:\/\/ifoffice.pt\/index.php?rest_route=%2Fwp%2Fv2%2Fmedia&parent=133986"}],"wp:term":[{"taxonomy":"product_brand","embeddable":true,"href":"https:\/\/ifoffice.pt\/index.php?rest_route=%2Fwp%2Fv2%2Fproduct_brand&post=133986"},{"taxonomy":"product_cat","embeddable":true,"href":"https:\/\/ifoffice.pt\/index.php?rest_route=%2Fwp%2Fv2%2Fproduct_cat&post=133986"},{"taxonomy":"product_tag","embeddable":true,"href":"https:\/\/ifoffice.pt\/index.php?rest_route=%2Fwp%2Fv2%2Fproduct_tag&post=133986"}],"curies":[{"name":"wp","href":"https:\/\/api.w.org\/{rel}","templated":true}]}}