{"id":133984,"date":"2024-10-08T10:06:58","date_gmt":"2024-10-08T10:06:58","guid":{"rendered":"https:\/\/ifoffice.pt\/?post_type=product&#038;p=133984"},"modified":"2025-03-12T12:55:11","modified_gmt":"2025-03-12T12:55:11","slug":"pintura-facial-giotto-ouro-prata-bronze-3-cores","status":"publish","type":"product","link":"https:\/\/ifoffice.pt\/?product=pintura-facial-giotto-ouro-prata-bronze-3-cores","title":{"rendered":"Pintura Facial Giotto Ouro Prata Bronze 3 Cores"},"content":{"rendered":"<p>Maquilhar \u00e9 divertido! Transforma as tuas pinturas numa obra de arte com a Giotto Make Up.<br \/>\nConjunto de tintas faciais, formuladas para secar rapidamente e serem facilmente removidas da pele com \u00e1gua.<br \/>\nAs cores de maquiagem Giotto s\u00e3o suaves e f\u00e1ceis de aplicar. Secam rapidamente e podem ser facilmente removidos com \u00e1gua.<\/p>\n<p>Cores: Ouro, Prata e Bronze<br \/>\nBlister de 3 tintas faciais de cor met\u00e1lica de 5 ml<\/p>\n<p>Aviso de seguran\u00e7a: Evite contato com os olhos e l\u00e1bios. Em caso de contato com os olhos, enx\u00e1gue abundantemente com \u00e1gua. Aplique apenas na pele ilesa e n\u00e3o irritada.<br \/>\nInstru\u00e7\u00f5es de lavagem: Lavar com \u00e1gua e sab\u00e3o. Remova qualquer res\u00edduo com produtos de limpeza de pele.<br \/>\nConservar em local fresco e seco, com temperatura n\u00e3o superior a 35\u00b0C.<\/p>\n<p>Indicado para crian\u00e7as +4 anos<br \/>\nCom supervis\u00e3o de adultos<\/p>\n","protected":false},"excerpt":{"rendered":"<p>Maquilhar \u00e9 divertido! Transforma as tuas pinturas numa obra de arte com a Giotto Make Up. Conjunto de tintas faciais, formuladas para secar rapidamente e serem facilmente removidas da pele com \u00e1gua. As cores de maquiagem Giotto s\u00e3o suaves e f\u00e1ceis de aplicar. Secam rapidamente e podem ser facilmente removidos com \u00e1gua. Cores: Ouro, Prata e Bronze Blister de 3 tintas faciais de cor met\u00e1lica de 5 ml Aviso de seguran\u00e7a: Evite contato com os olhos e l\u00e1bios. Em caso de contato com os olhos, enx\u00e1gue abundantemente com \u00e1gua. Aplique apenas na pele ilesa e n\u00e3o irritada. Instru\u00e7\u00f5es de lavagem: Lavar com \u00e1gua e sab\u00e3o. Remova qualquer res\u00edduo com produtos de limpeza de pele. Conservar em local fresco e seco, com temperatura n\u00e3o superior a 35\u00b0C. Indicado para crian\u00e7as +4 anos Com supervis\u00e3o de adultos<\/p>\n","protected":false},"featured_media":133985,"comment_status":"open","ping_status":"closed","template":"","meta":{"neve_meta_sidebar":"","neve_meta_container":"","neve_meta_enable_content_width":"off","neve_meta_content_width":100,"neve_meta_title_alignment":"","neve_meta_author_avatar":"","neve_post_elements_order":"","neve_meta_disable_header":"","neve_meta_disable_footer":"","neve_meta_disable_title":""},"product_brand":[],"product_cat":[1938],"product_tag":[3014],"class_list":{"0":"post-133984","1":"product","2":"type-product","3":"status-publish","4":"has-post-thumbnail","6":"product_cat-pintura-a-dedos-e-maquilhagem","7":"product_tag-halloween","9":"first","10":"outofstock","11":"taxable","12":"shipping-taxable","13":"purchasable","14":"product-type-simple"},"_links":{"self":[{"href":"https:\/\/ifoffice.pt\/index.php?rest_route=\/wp\/v2\/product\/133984","targetHints":{"allow":["GET"]}}],"collection":[{"href":"https:\/\/ifoffice.pt\/index.php?rest_route=\/wp\/v2\/product"}],"about":[{"href":"https:\/\/ifoffice.pt\/index.php?rest_route=\/wp\/v2\/types\/product"}],"replies":[{"embeddable":true,"href":"https:\/\/ifoffice.pt\/index.php?rest_route=%2Fwp%2Fv2%2Fcomments&post=133984"}],"wp:featuredmedia":[{"embeddable":true,"href":"https:\/\/ifoffice.pt\/index.php?rest_route=\/wp\/v2\/media\/133985"}],"wp:attachment":[{"href":"https:\/\/ifoffice.pt\/index.php?rest_route=%2Fwp%2Fv2%2Fmedia&parent=133984"}],"wp:term":[{"taxonomy":"product_brand","embeddable":true,"href":"https:\/\/ifoffice.pt\/index.php?rest_route=%2Fwp%2Fv2%2Fproduct_brand&post=133984"},{"taxonomy":"product_cat","embeddable":true,"href":"https:\/\/ifoffice.pt\/index.php?rest_route=%2Fwp%2Fv2%2Fproduct_cat&post=133984"},{"taxonomy":"product_tag","embeddable":true,"href":"https:\/\/ifoffice.pt\/index.php?rest_route=%2Fwp%2Fv2%2Fproduct_tag&post=133984"}],"curies":[{"name":"wp","href":"https:\/\/api.w.org\/{rel}","templated":true}]}}