{"id":133288,"date":"2024-03-05T12:29:05","date_gmt":"2024-03-05T12:29:05","guid":{"rendered":"https:\/\/ifoffice.pt\/?post_type=product&#038;p=133288"},"modified":"2025-03-12T16:58:26","modified_gmt":"2025-03-12T16:58:26","slug":"toalhas-mao-zigzag-21x203-2fls-papernet-pasta-15x2663990un","status":"publish","type":"product","link":"https:\/\/ifoffice.pt\/?product=toalhas-mao-zigzag-21x203-2fls-papernet-pasta-15x2663990un","title":{"rendered":"Toalhas M\u00e3o ZigZag 21&#215;20,3 2Fls Papernet Pasta 15&#215;266=3990un"},"content":{"rendered":"<p>As toalhas de m\u00e3o zig zag Papernet s\u00e3o a melhor solu\u00e7\u00e3o para uma secagem eficaz das m\u00e3os, contribuindo para reduzir a prolifera\u00e7\u00e3o de germes e bact\u00e9rias nas m\u00e3os e evitando a sua dispers\u00e3o no ambiente circundante.<br \/>\nOs diferentes tipos de dobragem dispon\u00edveis satisfazem todas as exig\u00eancias, minimizando o desperd\u00edcio e o impacto ambiental.<\/p>\n<p>Qualidade: Branco, Celulose Pura<br \/>\nN\u00ba Folhas: 2<br \/>\nFolhas por Rolo: 266<br \/>\nGramagem: 16,5 g\/m\u00b2<\/p>\n<p>Altura da Folha: 21 cm<br \/>\nComprimento da Folha: 20,3 cm<br \/>\nDobrado: 20,3 x 10,5 cm<\/p>\n<p>Packs por caixa: 15<\/p>\n<p>Dimens\u00f5es da caixa: 55 x 21,30 x 38,50 cm<br \/>\nVolume: 0,045 m\u00b3<\/p>\n<p>CERTIFICA\u00c7\u00d5ES<br \/>\nFSC<br \/>\nO FSC \u00e9 o sistema de certifica\u00e7\u00e3o de florestas, madeira e produtos derivados que garante que os produtos prov\u00eam de florestas geridas de acordo com normas ambientais, sociais e econ\u00f3micas rigorosas.<br \/>\nEU ECOLABEL<br \/>\nO r\u00f3tulo ecol\u00f3gico da UE indica um produto que garante um impacto ambiental reduzido em todas as fases do seu ciclo de vida.<\/p>\n","protected":false},"excerpt":{"rendered":"<p>As toalhas de m\u00e3o zig zag Papernet s\u00e3o a melhor solu\u00e7\u00e3o para uma secagem eficaz das m\u00e3os, contribuindo para reduzir a prolifera\u00e7\u00e3o de germes e bact\u00e9rias nas m\u00e3os e evitando a sua dispers\u00e3o no ambiente circundante. Os diferentes tipos de dobragem dispon\u00edveis satisfazem todas as exig\u00eancias, minimizando o desperd\u00edcio e o impacto ambiental. Qualidade: Branco, Celulose Pura N\u00ba Folhas: 2 Folhas por Rolo: 266 Gramagem: 16,5 g\/m\u00b2 Altura da Folha: 21 cm Comprimento da Folha: 20,3 cm Dobrado: 20,3 x 10,5 cm Packs por caixa: 15 Dimens\u00f5es da caixa: 55 x 21,30 x 38,50 cm Volume: 0,045 m\u00b3 CERTIFICA\u00c7\u00d5ES FSC O FSC \u00e9 o sistema de certifica\u00e7\u00e3o de florestas, madeira e produtos derivados que garante que os produtos prov\u00eam de florestas geridas de acordo com normas ambientais, sociais e econ\u00f3micas rigorosas. EU ECOLABEL O r\u00f3tulo ecol\u00f3gico da UE indica um produto que garante um impacto ambiental reduzido em todas as fases do seu ciclo de vida.<\/p>\n","protected":false},"featured_media":133289,"comment_status":"closed","ping_status":"closed","template":"","meta":{"neve_meta_sidebar":"","neve_meta_container":"","neve_meta_enable_content_width":"off","neve_meta_content_width":70,"neve_meta_title_alignment":"","neve_meta_author_avatar":"","neve_post_elements_order":"","neve_meta_disable_header":"","neve_meta_disable_footer":"","neve_meta_disable_title":""},"product_brand":[],"product_cat":[1816],"product_tag":[984],"class_list":{"0":"post-133288","1":"product","2":"type-product","3":"status-publish","4":"has-post-thumbnail","6":"product_cat-lencos-papel-papel-hig-toalhe","7":"product_tag-papel-seca-maos","9":"first","10":"instock","11":"taxable","12":"shipping-taxable","13":"purchasable","14":"product-type-simple"},"_links":{"self":[{"href":"https:\/\/ifoffice.pt\/index.php?rest_route=\/wp\/v2\/product\/133288","targetHints":{"allow":["GET"]}}],"collection":[{"href":"https:\/\/ifoffice.pt\/index.php?rest_route=\/wp\/v2\/product"}],"about":[{"href":"https:\/\/ifoffice.pt\/index.php?rest_route=\/wp\/v2\/types\/product"}],"replies":[{"embeddable":true,"href":"https:\/\/ifoffice.pt\/index.php?rest_route=%2Fwp%2Fv2%2Fcomments&post=133288"}],"wp:featuredmedia":[{"embeddable":true,"href":"https:\/\/ifoffice.pt\/index.php?rest_route=\/wp\/v2\/media\/133289"}],"wp:attachment":[{"href":"https:\/\/ifoffice.pt\/index.php?rest_route=%2Fwp%2Fv2%2Fmedia&parent=133288"}],"wp:term":[{"taxonomy":"product_brand","embeddable":true,"href":"https:\/\/ifoffice.pt\/index.php?rest_route=%2Fwp%2Fv2%2Fproduct_brand&post=133288"},{"taxonomy":"product_cat","embeddable":true,"href":"https:\/\/ifoffice.pt\/index.php?rest_route=%2Fwp%2Fv2%2Fproduct_cat&post=133288"},{"taxonomy":"product_tag","embeddable":true,"href":"https:\/\/ifoffice.pt\/index.php?rest_route=%2Fwp%2Fv2%2Fproduct_tag&post=133288"}],"curies":[{"name":"wp","href":"https:\/\/api.w.org\/{rel}","templated":true}]}}