{"id":133266,"date":"2024-03-05T09:47:02","date_gmt":"2024-03-05T09:47:02","guid":{"rendered":"https:\/\/ifoffice.pt\/?post_type=product&#038;p=133266"},"modified":"2025-03-12T16:58:28","modified_gmt":"2025-03-12T16:58:28","slug":"papel-higienico-domestico-16mts-2fls-papernet-12-rolos","status":"publish","type":"product","link":"https:\/\/ifoffice.pt\/?product=papel-higienico-domestico-16mts-2fls-papernet-12-rolos","title":{"rendered":"Papel Higi\u00e9nico Dom\u00e9stico 16mts 2Fls PAPERNET 12 Rolos"},"content":{"rendered":"<p>As caracter\u00edsticas \u00fanicas do papel higi\u00e9nico Papernet tornam-no perfeito para satisfazer as exig\u00eancias de muitos tipos diferentes de ambientes, garantindo um elevado desempenho, higiene e poupan\u00e7a de tempo.<\/p>\n<p>Qualidade: Branco, Celulose Pura<br \/>\nN\u00ba Folhas: 2<br \/>\nFolhas por Rolo: 150<br \/>\nGramagem: 16,5 g\/m\u00b2<\/p>\n<p>Altura da Folha: 8,8 cm<br \/>\nComprimento da Folha: 10,75 cm<br \/>\nDi\u00e2metro do Rolo: 10 cm<br \/>\nComprimento do Rolo: 16,05 m<br \/>\nMandril: 3,8 cm<\/p>\n<p>Dimens\u00f5es da caixa: 17,6 x 60 x 80 cm<br \/>\nVolume: 0,084 m\u00b3<\/p>\n<p>Certifica\u00e7\u00f5es<br \/>\nEU ECOLABEL<br \/>\nO r\u00f3tulo ecol\u00f3gico da UE indica um produto que garante um impacto ambiental reduzido em todas as fases do seu ciclo de vida.<\/p>\n","protected":false},"excerpt":{"rendered":"<p>As caracter\u00edsticas \u00fanicas do papel higi\u00e9nico Papernet tornam-no perfeito para satisfazer as exig\u00eancias de muitos tipos diferentes de ambientes, garantindo um elevado desempenho, higiene e poupan\u00e7a de tempo. Qualidade: Branco, Celulose Pura N\u00ba Folhas: 2 Folhas por Rolo: 150 Gramagem: 16,5 g\/m\u00b2 Altura da Folha: 8,8 cm Comprimento da Folha: 10,75 cm Di\u00e2metro do Rolo: 10 cm Comprimento do Rolo: 16,05 m Mandril: 3,8 cm Dimens\u00f5es da caixa: 17,6 x 60 x 80 cm Volume: 0,084 m\u00b3 Certifica\u00e7\u00f5es EU ECOLABEL O r\u00f3tulo ecol\u00f3gico da UE indica um produto que garante um impacto ambiental reduzido em todas as fases do seu ciclo de vida.<\/p>\n","protected":false},"featured_media":133267,"comment_status":"closed","ping_status":"closed","template":"","meta":{"neve_meta_sidebar":"","neve_meta_container":"","neve_meta_enable_content_width":"off","neve_meta_content_width":100,"neve_meta_title_alignment":"","neve_meta_author_avatar":"","neve_post_elements_order":"","neve_meta_disable_header":"","neve_meta_disable_footer":"","neve_meta_disable_title":""},"product_brand":[],"product_cat":[1816],"product_tag":[983],"class_list":{"0":"post-133266","1":"product","2":"type-product","3":"status-publish","4":"has-post-thumbnail","6":"product_cat-lencos-papel-papel-hig-toalhe","7":"product_tag-papel-higienico","9":"first","10":"instock","11":"taxable","12":"shipping-taxable","13":"purchasable","14":"product-type-simple"},"_links":{"self":[{"href":"https:\/\/ifoffice.pt\/index.php?rest_route=\/wp\/v2\/product\/133266","targetHints":{"allow":["GET"]}}],"collection":[{"href":"https:\/\/ifoffice.pt\/index.php?rest_route=\/wp\/v2\/product"}],"about":[{"href":"https:\/\/ifoffice.pt\/index.php?rest_route=\/wp\/v2\/types\/product"}],"replies":[{"embeddable":true,"href":"https:\/\/ifoffice.pt\/index.php?rest_route=%2Fwp%2Fv2%2Fcomments&post=133266"}],"wp:featuredmedia":[{"embeddable":true,"href":"https:\/\/ifoffice.pt\/index.php?rest_route=\/wp\/v2\/media\/133267"}],"wp:attachment":[{"href":"https:\/\/ifoffice.pt\/index.php?rest_route=%2Fwp%2Fv2%2Fmedia&parent=133266"}],"wp:term":[{"taxonomy":"product_brand","embeddable":true,"href":"https:\/\/ifoffice.pt\/index.php?rest_route=%2Fwp%2Fv2%2Fproduct_brand&post=133266"},{"taxonomy":"product_cat","embeddable":true,"href":"https:\/\/ifoffice.pt\/index.php?rest_route=%2Fwp%2Fv2%2Fproduct_cat&post=133266"},{"taxonomy":"product_tag","embeddable":true,"href":"https:\/\/ifoffice.pt\/index.php?rest_route=%2Fwp%2Fv2%2Fproduct_tag&post=133266"}],"curies":[{"name":"wp","href":"https:\/\/api.w.org\/{rel}","templated":true}]}}