{"id":111964,"date":"2023-03-07T11:46:24","date_gmt":"2023-03-07T11:46:24","guid":{"rendered":"https:\/\/ifoffice.pt\/?post_type=product&#038;p=111964"},"modified":"2025-03-12T12:42:30","modified_gmt":"2025-03-12T12:42:30","slug":"quadro-branco-nobo-ip-pro-70-lacado-magnetico-1550x870-mm","status":"publish","type":"product","link":"https:\/\/ifoffice.pt\/?product=quadro-branco-nobo-ip-pro-70-lacado-magnetico-1550x870-mm","title":{"rendered":"Quadro branco nobo ip pro 70&#8243; lacado magnetico 1550&#215;870 mm"},"content":{"rendered":"<p>O quadro magn\u00e9tico Nano Clean &#8216; de formato panor\u00e2mico com uma moldura fina e elegante contempor\u00e2nea oferece uma superf\u00edcie de escrita mais acess\u00edvel e ideal. O sistema InvisaMount&#8217; facilita a instala\u00e7\u00e3o com fixadores ocultos por tr\u00e1s do quadro e inclui um elegante suporte para guardar marcadores e apagadores. A superf\u00edcie oferece maior capacidade ao apagar e durabilidade, para uso frequente.<\/p>\n","protected":false},"excerpt":{"rendered":"<p>O quadro magn\u00e9tico Nano Clean &#8216; de formato panor\u00e2mico com uma moldura fina e elegante contempor\u00e2nea oferece uma superf\u00edcie de escrita mais acess\u00edvel e ideal. O sistema InvisaMount&#8217; facilita a instala\u00e7\u00e3o com fixadores ocultos por tr\u00e1s do quadro e inclui um elegante suporte para guardar marcadores e apagadores. A superf\u00edcie oferece maior capacidade ao apagar e durabilidade, para uso frequente.<\/p>\n","protected":false},"featured_media":115752,"comment_status":"open","ping_status":"closed","template":"","meta":{"neve_meta_sidebar":"","neve_meta_container":"","neve_meta_enable_content_width":"","neve_meta_content_width":0,"neve_meta_title_alignment":"","neve_meta_author_avatar":"","neve_post_elements_order":"","neve_meta_disable_header":"","neve_meta_disable_footer":"","neve_meta_disable_title":""},"product_brand":[],"product_cat":[1863],"product_tag":[],"class_list":{"0":"post-111964","1":"product","2":"type-product","3":"status-publish","4":"has-post-thumbnail","6":"product_cat-quadros-brancos","8":"first","9":"outofstock","10":"taxable","11":"shipping-taxable","12":"purchasable","13":"product-type-simple"},"_links":{"self":[{"href":"https:\/\/ifoffice.pt\/index.php?rest_route=\/wp\/v2\/product\/111964","targetHints":{"allow":["GET"]}}],"collection":[{"href":"https:\/\/ifoffice.pt\/index.php?rest_route=\/wp\/v2\/product"}],"about":[{"href":"https:\/\/ifoffice.pt\/index.php?rest_route=\/wp\/v2\/types\/product"}],"replies":[{"embeddable":true,"href":"https:\/\/ifoffice.pt\/index.php?rest_route=%2Fwp%2Fv2%2Fcomments&post=111964"}],"wp:featuredmedia":[{"embeddable":true,"href":"https:\/\/ifoffice.pt\/index.php?rest_route=\/wp\/v2\/media\/115752"}],"wp:attachment":[{"href":"https:\/\/ifoffice.pt\/index.php?rest_route=%2Fwp%2Fv2%2Fmedia&parent=111964"}],"wp:term":[{"taxonomy":"product_brand","embeddable":true,"href":"https:\/\/ifoffice.pt\/index.php?rest_route=%2Fwp%2Fv2%2Fproduct_brand&post=111964"},{"taxonomy":"product_cat","embeddable":true,"href":"https:\/\/ifoffice.pt\/index.php?rest_route=%2Fwp%2Fv2%2Fproduct_cat&post=111964"},{"taxonomy":"product_tag","embeddable":true,"href":"https:\/\/ifoffice.pt\/index.php?rest_route=%2Fwp%2Fv2%2Fproduct_tag&post=111964"}],"curies":[{"name":"wp","href":"https:\/\/api.w.org\/{rel}","templated":true}]}}