{"id":111927,"date":"2023-03-07T11:45:58","date_gmt":"2023-03-07T11:45:58","guid":{"rendered":"https:\/\/ifoffice.pt\/?post_type=product&#038;p=111927"},"modified":"2025-03-12T14:23:49","modified_gmt":"2025-03-12T14:23:49","slug":"porta-lapis-esselte-colour-breeze-coral","status":"publish","type":"product","link":"https:\/\/ifoffice.pt\/?product=porta-lapis-esselte-colour-breeze-coral","title":{"rendered":"Porta lapis esselte colour breeze coral"},"content":{"rendered":"<p>Elegante e duradouro porta l\u00e1pis para guardar esferogr\u00e1ficas, l\u00e1pis, marcadores, r\u00e9guas pequenas e tesouras. Com separador central para garantir que o conte\u00fado se mant\u00e9m em posi\u00e7\u00e3o vertical e \u00e0 frente inclinado para facilitar o acesso. Com base est\u00e1vel que evita a inclina\u00e7\u00e3o. Transl\u00facido. Fabricado com materiais de alta qualidade. Medidas: \u00d890 x 125 mm.<\/p>\n","protected":false},"excerpt":{"rendered":"<p>Elegante e duradouro porta l\u00e1pis para guardar esferogr\u00e1ficas, l\u00e1pis, marcadores, r\u00e9guas pequenas e tesouras. Com separador central para garantir que o conte\u00fado se mant\u00e9m em posi\u00e7\u00e3o vertical e \u00e0 frente inclinado para facilitar o acesso. Com base est\u00e1vel que evita a inclina\u00e7\u00e3o. Transl\u00facido. Fabricado com materiais de alta qualidade. Medidas: \u00d890 x 125 mm.<\/p>\n","protected":false},"featured_media":134220,"comment_status":"open","ping_status":"closed","template":"","meta":{"neve_meta_sidebar":"","neve_meta_container":"","neve_meta_enable_content_width":"off","neve_meta_content_width":100,"neve_meta_title_alignment":"","neve_meta_author_avatar":"","neve_post_elements_order":"","neve_meta_disable_header":"","neve_meta_disable_footer":"","neve_meta_disable_title":""},"product_brand":[],"product_cat":[1832],"product_tag":[2848],"class_list":{"0":"post-111927","1":"product","2":"type-product","3":"status-publish","4":"has-post-thumbnail","6":"product_cat-porta-lapis","7":"product_tag-porta-lapis-2","9":"first","10":"instock","11":"taxable","12":"shipping-taxable","13":"purchasable","14":"product-type-simple"},"_links":{"self":[{"href":"https:\/\/ifoffice.pt\/index.php?rest_route=\/wp\/v2\/product\/111927","targetHints":{"allow":["GET"]}}],"collection":[{"href":"https:\/\/ifoffice.pt\/index.php?rest_route=\/wp\/v2\/product"}],"about":[{"href":"https:\/\/ifoffice.pt\/index.php?rest_route=\/wp\/v2\/types\/product"}],"replies":[{"embeddable":true,"href":"https:\/\/ifoffice.pt\/index.php?rest_route=%2Fwp%2Fv2%2Fcomments&post=111927"}],"wp:featuredmedia":[{"embeddable":true,"href":"https:\/\/ifoffice.pt\/index.php?rest_route=\/wp\/v2\/media\/134220"}],"wp:attachment":[{"href":"https:\/\/ifoffice.pt\/index.php?rest_route=%2Fwp%2Fv2%2Fmedia&parent=111927"}],"wp:term":[{"taxonomy":"product_brand","embeddable":true,"href":"https:\/\/ifoffice.pt\/index.php?rest_route=%2Fwp%2Fv2%2Fproduct_brand&post=111927"},{"taxonomy":"product_cat","embeddable":true,"href":"https:\/\/ifoffice.pt\/index.php?rest_route=%2Fwp%2Fv2%2Fproduct_cat&post=111927"},{"taxonomy":"product_tag","embeddable":true,"href":"https:\/\/ifoffice.pt\/index.php?rest_route=%2Fwp%2Fv2%2Fproduct_tag&post=111927"}],"curies":[{"name":"wp","href":"https:\/\/api.w.org\/{rel}","templated":true}]}}

<p>Elegante e duradouro porta lápis para guardar esferográficas, lápis, marcadores, réguas pequenas e tesouras. Com separador central para garantir que o conteúdo se mantém em posição vertical e à frente inclinado para facilitar o acesso. Com base estável que evita a inclinação. Translúcido. Fabricado com materiais de alta qualidade. Medidas: Ø90 x 125 mm.</p>
