{"id":111887,"date":"2023-03-07T11:45:24","date_gmt":"2023-03-07T11:45:24","guid":{"rendered":"https:\/\/ifoffice.pt\/?post_type=product&#038;p=111887"},"modified":"2026-02-23T13:30:07","modified_gmt":"2026-02-23T13:30:07","slug":"papel-epson-premium-glossy-photo-paper-a3-20-folhas-255gr","status":"publish","type":"product","link":"https:\/\/ifoffice.pt\/?product=papel-epson-premium-glossy-photo-paper-a3-20-folhas-255gr","title":{"rendered":"Papel epson premium glossy photo paper a3 255 gr embalagem de 20 folhas"},"content":{"rendered":"<p>Papel fotogr\u00e1fico de alta qualidade para impressora a tinta. Acabamento brilho. Muito resistente, \u00e9 ideal para impress\u00e3o de fotos em casa. Bolsa de 20 folhas.<\/p>\n","protected":false},"excerpt":{"rendered":"<p>Papel epson premium glossy photo paper a3 255 gr embalagem de 20 folhas<\/p>\n","protected":false},"featured_media":124580,"comment_status":"open","ping_status":"closed","template":"","meta":{"neve_meta_sidebar":"","neve_meta_container":"","neve_meta_enable_content_width":"","neve_meta_content_width":0,"neve_meta_title_alignment":"","neve_meta_author_avatar":"","neve_post_elements_order":"","neve_meta_disable_header":"","neve_meta_disable_footer":"","neve_meta_disable_title":""},"product_brand":[],"product_cat":[1873],"product_tag":[],"class_list":{"0":"post-111887","1":"product","2":"type-product","3":"status-publish","4":"has-post-thumbnail","6":"product_cat-papel-especial-para-impressora","8":"first","9":"instock","10":"taxable","11":"shipping-taxable","12":"purchasable","13":"product-type-simple"},"_links":{"self":[{"href":"https:\/\/ifoffice.pt\/index.php?rest_route=\/wp\/v2\/product\/111887","targetHints":{"allow":["GET"]}}],"collection":[{"href":"https:\/\/ifoffice.pt\/index.php?rest_route=\/wp\/v2\/product"}],"about":[{"href":"https:\/\/ifoffice.pt\/index.php?rest_route=\/wp\/v2\/types\/product"}],"replies":[{"embeddable":true,"href":"https:\/\/ifoffice.pt\/index.php?rest_route=%2Fwp%2Fv2%2Fcomments&post=111887"}],"wp:featuredmedia":[{"embeddable":true,"href":"https:\/\/ifoffice.pt\/index.php?rest_route=\/wp\/v2\/media\/124580"}],"wp:attachment":[{"href":"https:\/\/ifoffice.pt\/index.php?rest_route=%2Fwp%2Fv2%2Fmedia&parent=111887"}],"wp:term":[{"taxonomy":"product_brand","embeddable":true,"href":"https:\/\/ifoffice.pt\/index.php?rest_route=%2Fwp%2Fv2%2Fproduct_brand&post=111887"},{"taxonomy":"product_cat","embeddable":true,"href":"https:\/\/ifoffice.pt\/index.php?rest_route=%2Fwp%2Fv2%2Fproduct_cat&post=111887"},{"taxonomy":"product_tag","embeddable":true,"href":"https:\/\/ifoffice.pt\/index.php?rest_route=%2Fwp%2Fv2%2Fproduct_tag&post=111887"}],"curies":[{"name":"wp","href":"https:\/\/api.w.org\/{rel}","templated":true}]}}