{"id":110851,"date":"2023-03-07T11:30:27","date_gmt":"2023-03-07T11:30:27","guid":{"rendered":"https:\/\/ifoffice.pt\/?post_type=product&#038;p=110851"},"modified":"2026-02-23T13:36:40","modified_gmt":"2026-02-23T13:36:40","slug":"tinta-para-tela-20-ml-la-pajarita-alaranjado-2","status":"publish","type":"product","link":"https:\/\/ifoffice.pt\/?product=tinta-para-tela-20-ml-la-pajarita-alaranjado-2","title":{"rendered":"Tinta para tela, 20 ml. la pajarita &#8211; alaranjado"},"content":{"rendered":"<p>Aplic\u00e1vel a qualquer pe\u00e7a t\u00eaxtil. O efeito termofixa de La Pajarita assegura a ader\u00eancia ao tecido, mesmo aqueles feitos de fibras sint\u00e9ticas. Quando a tinta estiver seca, aplicar uma fonte de calor tal como um ferro (sem vapor) no verso durante dois ou tr\u00eas minutos. Basta enxaguar os utens\u00edlios utilizados com \u00e1gua para limpeza. Frasco 25 ml.<\/p>\n","protected":false},"excerpt":{"rendered":"<p>Tinta para tela, 20 ml. la pajarita &#8211; alaranjado<\/p>\n","protected":false},"featured_media":126550,"comment_status":"open","ping_status":"closed","template":"","meta":{"neve_meta_sidebar":"","neve_meta_container":"","neve_meta_enable_content_width":"","neve_meta_content_width":0,"neve_meta_title_alignment":"","neve_meta_author_avatar":"","neve_post_elements_order":"","neve_meta_disable_header":"","neve_meta_disable_footer":"","neve_meta_disable_title":""},"product_brand":[],"product_cat":[1910],"product_tag":[],"class_list":{"0":"post-110851","1":"product","2":"type-product","3":"status-publish","4":"has-post-thumbnail","6":"product_cat-pinturas","8":"first","9":"instock","10":"taxable","11":"shipping-taxable","12":"purchasable","13":"product-type-simple"},"_links":{"self":[{"href":"https:\/\/ifoffice.pt\/index.php?rest_route=\/wp\/v2\/product\/110851","targetHints":{"allow":["GET"]}}],"collection":[{"href":"https:\/\/ifoffice.pt\/index.php?rest_route=\/wp\/v2\/product"}],"about":[{"href":"https:\/\/ifoffice.pt\/index.php?rest_route=\/wp\/v2\/types\/product"}],"replies":[{"embeddable":true,"href":"https:\/\/ifoffice.pt\/index.php?rest_route=%2Fwp%2Fv2%2Fcomments&post=110851"}],"wp:featuredmedia":[{"embeddable":true,"href":"https:\/\/ifoffice.pt\/index.php?rest_route=\/wp\/v2\/media\/126550"}],"wp:attachment":[{"href":"https:\/\/ifoffice.pt\/index.php?rest_route=%2Fwp%2Fv2%2Fmedia&parent=110851"}],"wp:term":[{"taxonomy":"product_brand","embeddable":true,"href":"https:\/\/ifoffice.pt\/index.php?rest_route=%2Fwp%2Fv2%2Fproduct_brand&post=110851"},{"taxonomy":"product_cat","embeddable":true,"href":"https:\/\/ifoffice.pt\/index.php?rest_route=%2Fwp%2Fv2%2Fproduct_cat&post=110851"},{"taxonomy":"product_tag","embeddable":true,"href":"https:\/\/ifoffice.pt\/index.php?rest_route=%2Fwp%2Fv2%2Fproduct_tag&post=110851"}],"curies":[{"name":"wp","href":"https:\/\/api.w.org\/{rel}","templated":true}]}}