{"id":110742,"date":"2023-03-07T11:29:12","date_gmt":"2023-03-07T11:29:12","guid":{"rendered":"https:\/\/ifoffice.pt\/?post_type=product&#038;p=110742"},"modified":"2026-02-23T13:38:16","modified_gmt":"2026-02-23T13:38:16","slug":"tacks-autoadesivos-de-dupla-face-12x16-mm-2","status":"publish","type":"product","link":"https:\/\/ifoffice.pt\/?product=tacks-autoadesivos-de-dupla-face-12x16-mm-2","title":{"rendered":"Tacks autoadesivos de dupla face 12&#215;16 mm"},"content":{"rendered":"<p>Ideal para fixar fotografias em \u00e1lbuns, para fechar envelopes e presentes. N\u00e3o danifica o papel nem as fotografias gra\u00e7as ao seu adesivo de PH neutro. Dupla face. Medidas: 12 x 16 mm. Caixa dispensadora de 250 unidades.<\/p>\n","protected":false},"excerpt":{"rendered":"<p>Tacks autoadesivos de dupla face 12&#215;16 mm<\/p>\n","protected":false},"featured_media":127026,"comment_status":"open","ping_status":"closed","template":"","meta":{"neve_meta_sidebar":"","neve_meta_container":"","neve_meta_enable_content_width":"","neve_meta_content_width":0,"neve_meta_title_alignment":"","neve_meta_author_avatar":"","neve_post_elements_order":"","neve_meta_disable_header":"","neve_meta_disable_footer":"","neve_meta_disable_title":""},"product_brand":[],"product_cat":[1800],"product_tag":[],"class_list":{"0":"post-110742","1":"product","2":"type-product","3":"status-publish","4":"has-post-thumbnail","6":"product_cat-fitas-adesivas","8":"first","9":"instock","10":"taxable","11":"shipping-taxable","12":"purchasable","13":"product-type-simple"},"_links":{"self":[{"href":"https:\/\/ifoffice.pt\/index.php?rest_route=\/wp\/v2\/product\/110742","targetHints":{"allow":["GET"]}}],"collection":[{"href":"https:\/\/ifoffice.pt\/index.php?rest_route=\/wp\/v2\/product"}],"about":[{"href":"https:\/\/ifoffice.pt\/index.php?rest_route=\/wp\/v2\/types\/product"}],"replies":[{"embeddable":true,"href":"https:\/\/ifoffice.pt\/index.php?rest_route=%2Fwp%2Fv2%2Fcomments&post=110742"}],"wp:featuredmedia":[{"embeddable":true,"href":"https:\/\/ifoffice.pt\/index.php?rest_route=\/wp\/v2\/media\/127026"}],"wp:attachment":[{"href":"https:\/\/ifoffice.pt\/index.php?rest_route=%2Fwp%2Fv2%2Fmedia&parent=110742"}],"wp:term":[{"taxonomy":"product_brand","embeddable":true,"href":"https:\/\/ifoffice.pt\/index.php?rest_route=%2Fwp%2Fv2%2Fproduct_brand&post=110742"},{"taxonomy":"product_cat","embeddable":true,"href":"https:\/\/ifoffice.pt\/index.php?rest_route=%2Fwp%2Fv2%2Fproduct_cat&post=110742"},{"taxonomy":"product_tag","embeddable":true,"href":"https:\/\/ifoffice.pt\/index.php?rest_route=%2Fwp%2Fv2%2Fproduct_tag&post=110742"}],"curies":[{"name":"wp","href":"https:\/\/api.w.org\/{rel}","templated":true}]}}