{"id":110185,"date":"2023-03-07T11:21:28","date_gmt":"2023-03-07T11:21:28","guid":{"rendered":"https:\/\/ifoffice.pt\/?post_type=product&#038;p=110185"},"modified":"2026-02-23T14:55:34","modified_gmt":"2026-02-23T14:55:34","slug":"papel-vegetal-transparente-a2-92-grs-m2-em-folha-2","status":"publish","type":"product","link":"https:\/\/ifoffice.pt\/?product=papel-vegetal-transparente-a2-92-grs-m2-em-folha-2","title":{"rendered":"Papel vegetal transparente a2. 92 grs\/m2 em folha"},"content":{"rendered":"<p>Papel vegetal de alta qualidade. De superf\u00edcie transparente. Resiste \u00e0 fric\u00e7\u00e3o.  Excelente qualidade para arquivo. Aplica\u00e7\u00e3o: desenho a l\u00e1pis, tinta e marcador.  Indicado para estil\u00f3grafos.<\/p>\n","protected":false},"excerpt":{"rendered":"<p>PACK DE 125 UNIDADES<\/p>\n","protected":false},"featured_media":126934,"comment_status":"open","ping_status":"closed","template":"","meta":{"neve_meta_sidebar":"","neve_meta_container":"","neve_meta_enable_content_width":"","neve_meta_content_width":0,"neve_meta_title_alignment":"","neve_meta_author_avatar":"","neve_post_elements_order":"","neve_meta_disable_header":"","neve_meta_disable_footer":"","neve_meta_disable_title":""},"product_brand":[],"product_cat":[1949],"product_tag":[],"class_list":{"0":"post-110185","1":"product","2":"type-product","3":"status-publish","4":"has-post-thumbnail","6":"product_cat-papel-e-laminas-de-desenho","8":"first","9":"instock","10":"taxable","11":"shipping-taxable","12":"purchasable","13":"product-type-simple"},"_links":{"self":[{"href":"https:\/\/ifoffice.pt\/index.php?rest_route=\/wp\/v2\/product\/110185","targetHints":{"allow":["GET"]}}],"collection":[{"href":"https:\/\/ifoffice.pt\/index.php?rest_route=\/wp\/v2\/product"}],"about":[{"href":"https:\/\/ifoffice.pt\/index.php?rest_route=\/wp\/v2\/types\/product"}],"replies":[{"embeddable":true,"href":"https:\/\/ifoffice.pt\/index.php?rest_route=%2Fwp%2Fv2%2Fcomments&post=110185"}],"wp:featuredmedia":[{"embeddable":true,"href":"https:\/\/ifoffice.pt\/index.php?rest_route=\/wp\/v2\/media\/126934"}],"wp:attachment":[{"href":"https:\/\/ifoffice.pt\/index.php?rest_route=%2Fwp%2Fv2%2Fmedia&parent=110185"}],"wp:term":[{"taxonomy":"product_brand","embeddable":true,"href":"https:\/\/ifoffice.pt\/index.php?rest_route=%2Fwp%2Fv2%2Fproduct_brand&post=110185"},{"taxonomy":"product_cat","embeddable":true,"href":"https:\/\/ifoffice.pt\/index.php?rest_route=%2Fwp%2Fv2%2Fproduct_cat&post=110185"},{"taxonomy":"product_tag","embeddable":true,"href":"https:\/\/ifoffice.pt\/index.php?rest_route=%2Fwp%2Fv2%2Fproduct_tag&post=110185"}],"curies":[{"name":"wp","href":"https:\/\/api.w.org\/{rel}","templated":true}]}}