{"id":110179,"date":"2023-03-07T11:21:16","date_gmt":"2023-03-07T11:21:16","guid":{"rendered":"https:\/\/ifoffice.pt\/?post_type=product&#038;p=110179"},"modified":"2026-02-23T14:54:57","modified_gmt":"2026-02-23T14:54:57","slug":"papel-ingres-50x70-branco-108-gr-2","status":"publish","type":"product","link":"https:\/\/ifoffice.pt\/?product=papel-ingres-50x70-branco-108-gr-2","title":{"rendered":"Papel ingres 50&#215;70 branco -108 gr"},"content":{"rendered":"<p>20 folhas de 108 g\/m\u00b2. Papel verjurado, de cor branca natural com marcas  de \u00e1gua. Fabricado em forma redonda, colado em massa e em superf\u00edcie,  oferece excelente qualidade e resist\u00eancia. Aplica\u00e7\u00f5es: t\u00e9cnicas secas  (sanguina, carv\u00e3o, l\u00e1pis e pastel).<\/p>\n","protected":false},"excerpt":{"rendered":"<p>PACK DE 50 UNIDADES<\/p>\n","protected":false},"featured_media":126947,"comment_status":"open","ping_status":"closed","template":"","meta":{"neve_meta_sidebar":"","neve_meta_container":"","neve_meta_enable_content_width":"","neve_meta_content_width":0,"neve_meta_title_alignment":"","neve_meta_author_avatar":"","neve_post_elements_order":"","neve_meta_disable_header":"","neve_meta_disable_footer":"","neve_meta_disable_title":""},"product_brand":[],"product_cat":[1749],"product_tag":[],"class_list":{"0":"post-110179","1":"product","2":"type-product","3":"status-publish","4":"has-post-thumbnail","6":"product_cat-blocos-de-desenho","8":"first","9":"instock","10":"taxable","11":"shipping-taxable","12":"purchasable","13":"product-type-simple"},"_links":{"self":[{"href":"https:\/\/ifoffice.pt\/index.php?rest_route=\/wp\/v2\/product\/110179","targetHints":{"allow":["GET"]}}],"collection":[{"href":"https:\/\/ifoffice.pt\/index.php?rest_route=\/wp\/v2\/product"}],"about":[{"href":"https:\/\/ifoffice.pt\/index.php?rest_route=\/wp\/v2\/types\/product"}],"replies":[{"embeddable":true,"href":"https:\/\/ifoffice.pt\/index.php?rest_route=%2Fwp%2Fv2%2Fcomments&post=110179"}],"wp:featuredmedia":[{"embeddable":true,"href":"https:\/\/ifoffice.pt\/index.php?rest_route=\/wp\/v2\/media\/126947"}],"wp:attachment":[{"href":"https:\/\/ifoffice.pt\/index.php?rest_route=%2Fwp%2Fv2%2Fmedia&parent=110179"}],"wp:term":[{"taxonomy":"product_brand","embeddable":true,"href":"https:\/\/ifoffice.pt\/index.php?rest_route=%2Fwp%2Fv2%2Fproduct_brand&post=110179"},{"taxonomy":"product_cat","embeddable":true,"href":"https:\/\/ifoffice.pt\/index.php?rest_route=%2Fwp%2Fv2%2Fproduct_cat&post=110179"},{"taxonomy":"product_tag","embeddable":true,"href":"https:\/\/ifoffice.pt\/index.php?rest_route=%2Fwp%2Fv2%2Fproduct_tag&post=110179"}],"curies":[{"name":"wp","href":"https:\/\/api.w.org\/{rel}","templated":true}]}}