{"id":109790,"date":"2023-03-07T11:15:25","date_gmt":"2023-03-07T11:15:25","guid":{"rendered":"https:\/\/ifoffice.pt\/?post_type=product&#038;p=109790"},"modified":"2026-02-23T13:03:02","modified_gmt":"2026-02-23T13:03:02","slug":"lava-loucas-dahi-manual-garrafa-de-15-litros","status":"publish","type":"product","link":"https:\/\/ifoffice.pt\/?product=lava-loucas-dahi-manual-garrafa-de-15-litros","title":{"rendered":"Lava loucas dahi manual garrafa de 1,5 litros"},"content":{"rendered":"<p>Lava loi\u00e7a manual para a limpeza de todo tipo de loi\u00e7a e utens\u00edlios  de cozinha. Limpa e desinfecta sem danificar as m\u00e3os, deixando os pratos limpos e brilhantes. Devido \u00e0 sua adequada f\u00f3rmula, tamb\u00e9m pode ser utilizado para a limpeza geral di\u00e1ria de todo tipo de superf\u00edcies lav\u00e1veis como pavimentos, azulejos, paredes, a\u00e7o inoxid\u00e1vel, etc. A garrafa de 1,5 l.<\/p>\n","protected":false},"excerpt":{"rendered":"<p>Lava loucas dahi manual garrafa de 1,5 litros<\/p>\n","protected":false},"featured_media":115679,"comment_status":"open","ping_status":"closed","template":"","meta":{"neve_meta_sidebar":"","neve_meta_container":"","neve_meta_enable_content_width":"","neve_meta_content_width":0,"neve_meta_title_alignment":"","neve_meta_author_avatar":"","neve_post_elements_order":"","neve_meta_disable_header":"","neve_meta_disable_footer":"","neve_meta_disable_title":""},"product_brand":[],"product_cat":[1792],"product_tag":[],"class_list":{"0":"post-109790","1":"product","2":"type-product","3":"status-publish","4":"has-post-thumbnail","6":"product_cat-produtos-de-limpeza","8":"first","9":"instock","10":"taxable","11":"shipping-taxable","12":"purchasable","13":"product-type-simple"},"_links":{"self":[{"href":"https:\/\/ifoffice.pt\/index.php?rest_route=\/wp\/v2\/product\/109790","targetHints":{"allow":["GET"]}}],"collection":[{"href":"https:\/\/ifoffice.pt\/index.php?rest_route=\/wp\/v2\/product"}],"about":[{"href":"https:\/\/ifoffice.pt\/index.php?rest_route=\/wp\/v2\/types\/product"}],"replies":[{"embeddable":true,"href":"https:\/\/ifoffice.pt\/index.php?rest_route=%2Fwp%2Fv2%2Fcomments&post=109790"}],"wp:featuredmedia":[{"embeddable":true,"href":"https:\/\/ifoffice.pt\/index.php?rest_route=\/wp\/v2\/media\/115679"}],"wp:attachment":[{"href":"https:\/\/ifoffice.pt\/index.php?rest_route=%2Fwp%2Fv2%2Fmedia&parent=109790"}],"wp:term":[{"taxonomy":"product_brand","embeddable":true,"href":"https:\/\/ifoffice.pt\/index.php?rest_route=%2Fwp%2Fv2%2Fproduct_brand&post=109790"},{"taxonomy":"product_cat","embeddable":true,"href":"https:\/\/ifoffice.pt\/index.php?rest_route=%2Fwp%2Fv2%2Fproduct_cat&post=109790"},{"taxonomy":"product_tag","embeddable":true,"href":"https:\/\/ifoffice.pt\/index.php?rest_route=%2Fwp%2Fv2%2Fproduct_tag&post=109790"}],"curies":[{"name":"wp","href":"https:\/\/api.w.org\/{rel}","templated":true}]}}