{"id":109534,"date":"2023-03-07T11:12:37","date_gmt":"2023-03-07T11:12:37","guid":{"rendered":"https:\/\/ifoffice.pt\/?post_type=product&#038;p=109534"},"modified":"2026-02-23T13:21:03","modified_gmt":"2026-02-23T13:21:03","slug":"jogo-goula-didatico-empilhavel-galinha","status":"publish","type":"product","link":"https:\/\/ifoffice.pt\/?product=jogo-goula-didatico-empilhavel-galinha","title":{"rendered":"Jogo goula didatico empilhavel galinha"},"content":{"rendered":"<p>DESENVOLVIDO PARA BEB\u00c9S. PARA  MONTAR NA BASE DE MADEIRA OS  DIFERENTES AROS DE CORES E ACABAR  COM UMA CABE\u00c7A DE GALINHA.  INDICADO PARA APRENDER A DIFERENCIAR  OS TAMANHOS E CORES. INCLUI: 1 BASE  DE MADEIRA, 4 AN\u00c9IS DE CORES E 1 CABE\u00c7A DE GALINHA. A PARTIR DE 18 MESES.  MEDIDAS: 18 X 10,5 X 10,5 CM.<\/p>\n","protected":false},"excerpt":{"rendered":"<p>Jogo goula didatico empilhavel galinha<\/p>\n","protected":false},"featured_media":132589,"comment_status":"open","ping_status":"closed","template":"","meta":{"neve_meta_sidebar":"","neve_meta_container":"","neve_meta_enable_content_width":"","neve_meta_content_width":0,"neve_meta_title_alignment":"","neve_meta_author_avatar":"","neve_post_elements_order":"","neve_meta_disable_header":"","neve_meta_disable_footer":"","neve_meta_disable_title":""},"product_brand":[],"product_cat":[1850],"product_tag":[2880],"class_list":{"0":"post-109534","1":"product","2":"type-product","3":"status-publish","4":"has-post-thumbnail","6":"product_cat-jogos-didacticos","7":"product_tag-escolar2023","9":"first","10":"instock","11":"sale","12":"taxable","13":"shipping-taxable","14":"purchasable","15":"product-type-simple"},"_links":{"self":[{"href":"https:\/\/ifoffice.pt\/index.php?rest_route=\/wp\/v2\/product\/109534","targetHints":{"allow":["GET"]}}],"collection":[{"href":"https:\/\/ifoffice.pt\/index.php?rest_route=\/wp\/v2\/product"}],"about":[{"href":"https:\/\/ifoffice.pt\/index.php?rest_route=\/wp\/v2\/types\/product"}],"replies":[{"embeddable":true,"href":"https:\/\/ifoffice.pt\/index.php?rest_route=%2Fwp%2Fv2%2Fcomments&post=109534"}],"wp:featuredmedia":[{"embeddable":true,"href":"https:\/\/ifoffice.pt\/index.php?rest_route=\/wp\/v2\/media\/132589"}],"wp:attachment":[{"href":"https:\/\/ifoffice.pt\/index.php?rest_route=%2Fwp%2Fv2%2Fmedia&parent=109534"}],"wp:term":[{"taxonomy":"product_brand","embeddable":true,"href":"https:\/\/ifoffice.pt\/index.php?rest_route=%2Fwp%2Fv2%2Fproduct_brand&post=109534"},{"taxonomy":"product_cat","embeddable":true,"href":"https:\/\/ifoffice.pt\/index.php?rest_route=%2Fwp%2Fv2%2Fproduct_cat&post=109534"},{"taxonomy":"product_tag","embeddable":true,"href":"https:\/\/ifoffice.pt\/index.php?rest_route=%2Fwp%2Fv2%2Fproduct_tag&post=109534"}],"curies":[{"name":"wp","href":"https:\/\/api.w.org\/{rel}","templated":true}]}}