{"id":109495,"date":"2023-03-07T11:12:17","date_gmt":"2023-03-07T11:12:17","guid":{"rendered":"https:\/\/ifoffice.pt\/?post_type=product&#038;p=109495"},"modified":"2026-02-23T13:23:00","modified_gmt":"2026-02-23T13:23:00","slug":"jogo-diset-didatico-reguas-10-x-10-caixa-individual","status":"publish","type":"product","link":"https:\/\/ifoffice.pt\/produto\/jogo-diset-didatico-reguas-10-x-10-caixa-individual\/","title":{"rendered":"Jogo diset didatico reguas 10 x 10 caixa individual"},"content":{"rendered":"<p>TIRAS DE MADEIRA DE DIFERENTES MEDIDAS.  COMPREENS\u00c3O DO CONCEITO E DECOMPOSI\u00c7\u00c3O DO N\u00daMERO E OPERA\u00c7\u00d5ES  MATEM\u00c1TICAS B\u00c1SICAS. CAIXA DE MADEIRA PARA GUARDAR AS BARRAS DE  CORES. DESENVOLVIMENTO DA MEM\u00d3RIA. DESENVOLVE A CRIATIVIDADE E  EXPERIMENTA\u00c7\u00c3O. ALTO N\u00cdVEL EDUCATIVO. MEDIDAS: 23 X 23 X 8 CM.<\/p>\n","protected":false},"excerpt":{"rendered":"<p>Jogo diset didatico reguas 10 x 10 caixa individual<\/p>\n","protected":false},"featured_media":122216,"comment_status":"open","ping_status":"closed","template":"","meta":{"neve_meta_sidebar":"","neve_meta_container":"","neve_meta_enable_content_width":"","neve_meta_content_width":0,"neve_meta_title_alignment":"","neve_meta_author_avatar":"","neve_post_elements_order":"","neve_meta_disable_header":"","neve_meta_disable_footer":"","neve_meta_disable_title":""},"product_brand":[],"product_cat":[1850],"product_tag":[2880],"class_list":{"0":"post-109495","1":"product","2":"type-product","3":"status-publish","4":"has-post-thumbnail","6":"product_cat-jogos-didacticos","7":"product_tag-escolar2023","9":"first","10":"instock","11":"sale","12":"taxable","13":"shipping-taxable","14":"purchasable","15":"product-type-simple"},"_links":{"self":[{"href":"https:\/\/ifoffice.pt\/wp-json\/wp\/v2\/product\/109495","targetHints":{"allow":["GET"]}}],"collection":[{"href":"https:\/\/ifoffice.pt\/wp-json\/wp\/v2\/product"}],"about":[{"href":"https:\/\/ifoffice.pt\/wp-json\/wp\/v2\/types\/product"}],"replies":[{"embeddable":true,"href":"https:\/\/ifoffice.pt\/wp-json\/wp\/v2\/comments?post=109495"}],"wp:featuredmedia":[{"embeddable":true,"href":"https:\/\/ifoffice.pt\/wp-json\/wp\/v2\/media\/122216"}],"wp:attachment":[{"href":"https:\/\/ifoffice.pt\/wp-json\/wp\/v2\/media?parent=109495"}],"wp:term":[{"taxonomy":"product_brand","embeddable":true,"href":"https:\/\/ifoffice.pt\/wp-json\/wp\/v2\/product_brand?post=109495"},{"taxonomy":"product_cat","embeddable":true,"href":"https:\/\/ifoffice.pt\/wp-json\/wp\/v2\/product_cat?post=109495"},{"taxonomy":"product_tag","embeddable":true,"href":"https:\/\/ifoffice.pt\/wp-json\/wp\/v2\/product_tag?post=109495"}],"curies":[{"name":"wp","href":"https:\/\/api.w.org\/{rel}","templated":true}]}}