{"id":109488,"date":"2023-03-07T11:12:15","date_gmt":"2023-03-07T11:12:15","guid":{"rendered":"https:\/\/ifoffice.pt\/?post_type=product&#038;p=109488"},"modified":"2026-02-23T13:23:00","modified_gmt":"2026-02-23T13:23:00","slug":"jogo-diset-didatico-memo-quinta","status":"publish","type":"product","link":"https:\/\/ifoffice.pt\/?product=jogo-diset-didatico-memo-quinta","title":{"rendered":"Jogo diset didatico memo quinta"},"content":{"rendered":"<p>JUEGO DE MEMORIA. CONTIENE 34 FICHAS GIGANTES DE CARTON. DIBUJOS Y COLORES MUY VIVOS. ESTE JUEGO INTRODUCE AL NI\u00d1O AL MUNDO DE LA GRANJA. ESTIMULA L A RETENCION VISUAL. LA CAJA CONTIENE UNA FICHA A TAMA\u00d1O REAL. CONTIENE INS TRUCCIONES DEL JUEGO. A PARTIR DE 3 A\u00d1OS. 1 O MAS JUGADORES. MEDIDAS: 16 X 16 X 16 CM.<\/p>\n","protected":false},"excerpt":{"rendered":"<p>Jogo diset didatico memo quinta<\/p>\n","protected":false},"featured_media":122211,"comment_status":"open","ping_status":"closed","template":"","meta":{"neve_meta_sidebar":"","neve_meta_container":"","neve_meta_enable_content_width":"","neve_meta_content_width":0,"neve_meta_title_alignment":"","neve_meta_author_avatar":"","neve_post_elements_order":"","neve_meta_disable_header":"","neve_meta_disable_footer":"","neve_meta_disable_title":""},"product_brand":[],"product_cat":[1850],"product_tag":[2880],"class_list":{"0":"post-109488","1":"product","2":"type-product","3":"status-publish","4":"has-post-thumbnail","6":"product_cat-jogos-didacticos","7":"product_tag-escolar2023","9":"first","10":"instock","11":"sale","12":"taxable","13":"shipping-taxable","14":"purchasable","15":"product-type-simple"},"_links":{"self":[{"href":"https:\/\/ifoffice.pt\/index.php?rest_route=\/wp\/v2\/product\/109488","targetHints":{"allow":["GET"]}}],"collection":[{"href":"https:\/\/ifoffice.pt\/index.php?rest_route=\/wp\/v2\/product"}],"about":[{"href":"https:\/\/ifoffice.pt\/index.php?rest_route=\/wp\/v2\/types\/product"}],"replies":[{"embeddable":true,"href":"https:\/\/ifoffice.pt\/index.php?rest_route=%2Fwp%2Fv2%2Fcomments&post=109488"}],"wp:featuredmedia":[{"embeddable":true,"href":"https:\/\/ifoffice.pt\/index.php?rest_route=\/wp\/v2\/media\/122211"}],"wp:attachment":[{"href":"https:\/\/ifoffice.pt\/index.php?rest_route=%2Fwp%2Fv2%2Fmedia&parent=109488"}],"wp:term":[{"taxonomy":"product_brand","embeddable":true,"href":"https:\/\/ifoffice.pt\/index.php?rest_route=%2Fwp%2Fv2%2Fproduct_brand&post=109488"},{"taxonomy":"product_cat","embeddable":true,"href":"https:\/\/ifoffice.pt\/index.php?rest_route=%2Fwp%2Fv2%2Fproduct_cat&post=109488"},{"taxonomy":"product_tag","embeddable":true,"href":"https:\/\/ifoffice.pt\/index.php?rest_route=%2Fwp%2Fv2%2Fproduct_tag&post=109488"}],"curies":[{"name":"wp","href":"https:\/\/api.w.org\/{rel}","templated":true}]}}