{"id":108869,"date":"2023-03-07T11:03:51","date_gmt":"2023-03-07T11:03:51","guid":{"rendered":"https:\/\/ifoffice.pt\/?post_type=product&#038;p=108869"},"modified":"2025-03-12T15:28:17","modified_gmt":"2025-03-12T15:28:17","slug":"compasso-staedtler-micrometrico-metalico-de-grade-precisao","status":"publish","type":"product","link":"https:\/\/ifoffice.pt\/?product=compasso-staedtler-micrometrico-metalico-de-grade-precisao","title":{"rendered":"Compasso staedtler micrometrico metalico de grade precis\u00e2o"},"content":{"rendered":"<p>COMPASSO MET\u00c1LICO DE PRECIS\u00c3O COM PARAFUSO E AJUSTE POR RODA CENTRAL. INCLCOMPASSO MET\u00c1LICO DE PRECIS\u00c3O COM PARAFUSO E AJUSTE POR RODA CENTRAL. INCLUI  COMPASSO E TUBO DE MINAS. COMPRIMENTO: 15,4 CM. CIRCUNFER\u00caNCIA: 22,5 CM.<\/p>\n","protected":false},"excerpt":{"rendered":"<p>COMPASSO MET\u00c1LICO DE PRECIS\u00c3O COM PARAFUSO E AJUSTE POR RODA CENTRAL. INCLCOMPASSO MET\u00c1LICO DE PRECIS\u00c3O COM PARAFUSO E AJUSTE POR RODA CENTRAL. INCLUI COMPASSO E TUBO DE MINAS. COMPRIMENTO: 15,4 CM. CIRCUNFER\u00caNCIA: 22,5 CM.<\/p>\n","protected":false},"featured_media":123849,"comment_status":"open","ping_status":"closed","template":"","meta":{"neve_meta_sidebar":"","neve_meta_container":"","neve_meta_enable_content_width":"","neve_meta_content_width":0,"neve_meta_title_alignment":"","neve_meta_author_avatar":"","neve_post_elements_order":"","neve_meta_disable_header":"","neve_meta_disable_footer":"","neve_meta_disable_title":""},"product_brand":[],"product_cat":[1857],"product_tag":[],"class_list":{"0":"post-108869","1":"product","2":"type-product","3":"status-publish","4":"has-post-thumbnail","6":"product_cat-compassos","8":"first","9":"instock","10":"taxable","11":"shipping-taxable","12":"purchasable","13":"product-type-simple"},"_links":{"self":[{"href":"https:\/\/ifoffice.pt\/index.php?rest_route=\/wp\/v2\/product\/108869","targetHints":{"allow":["GET"]}}],"collection":[{"href":"https:\/\/ifoffice.pt\/index.php?rest_route=\/wp\/v2\/product"}],"about":[{"href":"https:\/\/ifoffice.pt\/index.php?rest_route=\/wp\/v2\/types\/product"}],"replies":[{"embeddable":true,"href":"https:\/\/ifoffice.pt\/index.php?rest_route=%2Fwp%2Fv2%2Fcomments&post=108869"}],"wp:featuredmedia":[{"embeddable":true,"href":"https:\/\/ifoffice.pt\/index.php?rest_route=\/wp\/v2\/media\/123849"}],"wp:attachment":[{"href":"https:\/\/ifoffice.pt\/index.php?rest_route=%2Fwp%2Fv2%2Fmedia&parent=108869"}],"wp:term":[{"taxonomy":"product_brand","embeddable":true,"href":"https:\/\/ifoffice.pt\/index.php?rest_route=%2Fwp%2Fv2%2Fproduct_brand&post=108869"},{"taxonomy":"product_cat","embeddable":true,"href":"https:\/\/ifoffice.pt\/index.php?rest_route=%2Fwp%2Fv2%2Fproduct_cat&post=108869"},{"taxonomy":"product_tag","embeddable":true,"href":"https:\/\/ifoffice.pt\/index.php?rest_route=%2Fwp%2Fv2%2Fproduct_tag&post=108869"}],"curies":[{"name":"wp","href":"https:\/\/api.w.org\/{rel}","templated":true}]}}