{"id":108802,"date":"2023-03-07T11:02:22","date_gmt":"2023-03-07T11:02:22","guid":{"rendered":"https:\/\/ifoffice.pt\/?post_type=product&#038;p=108802"},"modified":"2026-02-23T14:54:04","modified_gmt":"2026-02-23T14:54:04","slug":"cartolina-500-x-650-mm-185-grs-guarro-preto-2","status":"publish","type":"product","link":"https:\/\/ifoffice.pt\/?product=cartolina-500-x-650-mm-185-grs-guarro-preto-2","title":{"rendered":"Cartolina 500 x 650 mm, 185 grs, guarro, preto"},"content":{"rendered":"<p>Cartolina de cor, ligeiramente acetinada e colorida em pasta de pigmentos s\u00f3lidos \u00e0 luz. Caracteriza-se pela dureza e regularidade da sua superf\u00edcie.  Para desenho e trabalhos manuais.<\/p>\n","protected":false},"excerpt":{"rendered":"<p>PACK DE 25 UNIDADES<\/p>\n","protected":false},"featured_media":127132,"comment_status":"open","ping_status":"closed","template":"","meta":{"neve_meta_sidebar":"","neve_meta_container":"","neve_meta_enable_content_width":"","neve_meta_content_width":0,"neve_meta_title_alignment":"","neve_meta_author_avatar":"","neve_post_elements_order":"","neve_meta_disable_header":"","neve_meta_disable_footer":"","neve_meta_disable_title":""},"product_brand":[],"product_cat":[1903],"product_tag":[],"class_list":{"0":"post-108802","1":"product","2":"type-product","3":"status-publish","4":"has-post-thumbnail","6":"product_cat-cartolinas","8":"first","9":"instock","10":"taxable","11":"shipping-taxable","12":"purchasable","13":"product-type-simple"},"_links":{"self":[{"href":"https:\/\/ifoffice.pt\/index.php?rest_route=\/wp\/v2\/product\/108802","targetHints":{"allow":["GET"]}}],"collection":[{"href":"https:\/\/ifoffice.pt\/index.php?rest_route=\/wp\/v2\/product"}],"about":[{"href":"https:\/\/ifoffice.pt\/index.php?rest_route=\/wp\/v2\/types\/product"}],"replies":[{"embeddable":true,"href":"https:\/\/ifoffice.pt\/index.php?rest_route=%2Fwp%2Fv2%2Fcomments&post=108802"}],"wp:featuredmedia":[{"embeddable":true,"href":"https:\/\/ifoffice.pt\/index.php?rest_route=\/wp\/v2\/media\/127132"}],"wp:attachment":[{"href":"https:\/\/ifoffice.pt\/index.php?rest_route=%2Fwp%2Fv2%2Fmedia&parent=108802"}],"wp:term":[{"taxonomy":"product_brand","embeddable":true,"href":"https:\/\/ifoffice.pt\/index.php?rest_route=%2Fwp%2Fv2%2Fproduct_brand&post=108802"},{"taxonomy":"product_cat","embeddable":true,"href":"https:\/\/ifoffice.pt\/index.php?rest_route=%2Fwp%2Fv2%2Fproduct_cat&post=108802"},{"taxonomy":"product_tag","embeddable":true,"href":"https:\/\/ifoffice.pt\/index.php?rest_route=%2Fwp%2Fv2%2Fproduct_tag&post=108802"}],"curies":[{"name":"wp","href":"https:\/\/api.w.org\/{rel}","templated":true}]}}

<p>Cartolina de cor, ligeiramente acetinada e colorida em pasta de pigmentos sólidos à luz. Caracteriza-se pela dureza e regularidade da sua superfície.  Para desenho e trabalhos manuais.</p>
