{"id":108413,"date":"2023-03-07T10:56:32","date_gmt":"2023-03-07T10:56:32","guid":{"rendered":"https:\/\/ifoffice.pt\/?post_type=product&#038;p=108413"},"modified":"2026-02-23T13:02:16","modified_gmt":"2026-02-23T13:02:16","slug":"auricular-mediarange-binaural-diadema-com-microfone-cabo-2-mt","status":"publish","type":"product","link":"https:\/\/ifoffice.pt\/?product=auricular-mediarange-binaural-diadema-com-microfone-cabo-2-mt","title":{"rendered":"Auricular mediarange binaural diadema com microfone cabo 2 mt"},"content":{"rendered":"<p>Auriculares com microfone e fun\u00e7\u00e3o de controlo, ideais para confer\u00eancias telef\u00f3nicas, v\u00eddeoconfer\u00eancia ou reconhecimento de idiomas. Bra\u00e7o do microfone flex\u00edvel. Os protetores de ouvido girat\u00f3rios garantem um ajuste c\u00f3modo e uma grande comodidade de uso. Comunica\u00e7\u00e3o clara. Filtro de ru\u00eddo ambiental. O auricular encaixa, atrav\u00e9s do diadema ajust\u00e1vel, a cada forma de cabe\u00e7a perfeitamente. Auricular com placa de som integrada. Conex\u00e3o USB. O elemento de controlo do auricular tem tr\u00eas fun\u00e7\u00f5es: aumentar volume, baixar volume, silenciar. Gama de freq\u00eancia: 300 Hz &#8211; 6 kHz. Medidas: 140 x 170 x 35 mm. Peso: 120 g.  O auricular.<\/p>\n","protected":false},"excerpt":{"rendered":"<p>Auricular mediarange binaural diadema com microfone cabo 2 mt<\/p>\n","protected":false},"featured_media":115448,"comment_status":"open","ping_status":"closed","template":"","meta":{"neve_meta_sidebar":"","neve_meta_container":"","neve_meta_enable_content_width":"","neve_meta_content_width":0,"neve_meta_title_alignment":"","neve_meta_author_avatar":"","neve_post_elements_order":"","neve_meta_disable_header":"","neve_meta_disable_footer":"","neve_meta_disable_title":""},"product_brand":[],"product_cat":[1805],"product_tag":[],"class_list":{"0":"post-108413","1":"product","2":"type-product","3":"status-publish","4":"has-post-thumbnail","6":"product_cat-colunas-microfones-webcam","8":"first","9":"instock","10":"taxable","11":"shipping-taxable","12":"purchasable","13":"product-type-simple"},"_links":{"self":[{"href":"https:\/\/ifoffice.pt\/index.php?rest_route=\/wp\/v2\/product\/108413","targetHints":{"allow":["GET"]}}],"collection":[{"href":"https:\/\/ifoffice.pt\/index.php?rest_route=\/wp\/v2\/product"}],"about":[{"href":"https:\/\/ifoffice.pt\/index.php?rest_route=\/wp\/v2\/types\/product"}],"replies":[{"embeddable":true,"href":"https:\/\/ifoffice.pt\/index.php?rest_route=%2Fwp%2Fv2%2Fcomments&post=108413"}],"wp:featuredmedia":[{"embeddable":true,"href":"https:\/\/ifoffice.pt\/index.php?rest_route=\/wp\/v2\/media\/115448"}],"wp:attachment":[{"href":"https:\/\/ifoffice.pt\/index.php?rest_route=%2Fwp%2Fv2%2Fmedia&parent=108413"}],"wp:term":[{"taxonomy":"product_brand","embeddable":true,"href":"https:\/\/ifoffice.pt\/index.php?rest_route=%2Fwp%2Fv2%2Fproduct_brand&post=108413"},{"taxonomy":"product_cat","embeddable":true,"href":"https:\/\/ifoffice.pt\/index.php?rest_route=%2Fwp%2Fv2%2Fproduct_cat&post=108413"},{"taxonomy":"product_tag","embeddable":true,"href":"https:\/\/ifoffice.pt\/index.php?rest_route=%2Fwp%2Fv2%2Fproduct_tag&post=108413"}],"curies":[{"name":"wp","href":"https:\/\/api.w.org\/{rel}","templated":true}]}}

<p>Auriculares com microfone e função de controlo, ideais para conferências telefónicas, vídeoconferência ou reconhecimento de idiomas. Braço do microfone flexível. Os protetores de ouvido giratórios garantem um ajuste cómodo e uma grande comodidade de uso. Comunicação clara. Filtro de ruído ambiental. O auricular encaixa, através do diadema ajustável, a cada forma de cabeça perfeitamente. Auricular com placa de som integrada. Conexão USB. O elemento de controlo do auricular tem três funções: aumentar volume, baixar volume, silenciar. Gama de freqência: 300 Hz &#8211; 6 kHz. Medidas: 140 x 170 x 35 mm. Peso: 120 g.  O auricular.</p>
