{"id":108227,"date":"2023-03-07T10:53:41","date_gmt":"2023-03-07T10:53:41","guid":{"rendered":"https:\/\/ifoffice.pt\/?post_type=product&#038;p=108227"},"modified":"2025-03-12T12:21:28","modified_gmt":"2025-03-12T12:21:28","slug":"pasta-porta-documentos-preta-370-x-300-mm","status":"publish","type":"product","link":"https:\/\/ifoffice.pt\/?product=pasta-porta-documentos-preta-370-x-300-mm","title":{"rendered":"Pasta porta documentos preta 370 x 300 mm"},"content":{"rendered":"<p>PASTA DE M\u00c3O FABRICADA EM IMITA\u00c7\u00c3O PELE. COM FECHO MET\u00c1LICO DE CHAVE. CONTPASTA DE M\u00c3O FABRICADA EM IMITA\u00c7\u00c3O PELE. COM FECHO MET\u00c1LICO DE CHAVE. CONT\u00c9M DOIS COMPARTIMENTOS COM FOLE NO SEU INTERIOR. MEDIDAS: 370 X 300 MM.<\/p>\n","protected":false},"excerpt":{"rendered":"<p>PASTA DE M\u00c3O FABRICADA EM IMITA\u00c7\u00c3O PELE. COM FECHO MET\u00c1LICO DE CHAVE. CONTPASTA DE M\u00c3O FABRICADA EM IMITA\u00c7\u00c3O PELE. COM FECHO MET\u00c1LICO DE CHAVE. CONT\u00c9M DOIS COMPARTIMENTOS COM FOLE NO SEU INTERIOR. MEDIDAS: 370 X 300 MM.<\/p>\n","protected":false},"featured_media":131232,"comment_status":"open","ping_status":"closed","template":"","meta":{"neve_meta_sidebar":"","neve_meta_container":"","neve_meta_enable_content_width":"","neve_meta_content_width":0,"neve_meta_title_alignment":"","neve_meta_author_avatar":"","neve_post_elements_order":"","neve_meta_disable_header":"","neve_meta_disable_footer":"","neve_meta_disable_title":""},"product_brand":[],"product_cat":[1827],"product_tag":[],"class_list":{"0":"post-108227","1":"product","2":"type-product","3":"status-publish","4":"has-post-thumbnail","6":"product_cat-pastas-porta-documentos","8":"first","9":"outofstock","10":"taxable","11":"shipping-taxable","12":"purchasable","13":"product-type-simple"},"_links":{"self":[{"href":"https:\/\/ifoffice.pt\/index.php?rest_route=\/wp\/v2\/product\/108227","targetHints":{"allow":["GET"]}}],"collection":[{"href":"https:\/\/ifoffice.pt\/index.php?rest_route=\/wp\/v2\/product"}],"about":[{"href":"https:\/\/ifoffice.pt\/index.php?rest_route=\/wp\/v2\/types\/product"}],"replies":[{"embeddable":true,"href":"https:\/\/ifoffice.pt\/index.php?rest_route=%2Fwp%2Fv2%2Fcomments&post=108227"}],"wp:featuredmedia":[{"embeddable":true,"href":"https:\/\/ifoffice.pt\/index.php?rest_route=\/wp\/v2\/media\/131232"}],"wp:attachment":[{"href":"https:\/\/ifoffice.pt\/index.php?rest_route=%2Fwp%2Fv2%2Fmedia&parent=108227"}],"wp:term":[{"taxonomy":"product_brand","embeddable":true,"href":"https:\/\/ifoffice.pt\/index.php?rest_route=%2Fwp%2Fv2%2Fproduct_brand&post=108227"},{"taxonomy":"product_cat","embeddable":true,"href":"https:\/\/ifoffice.pt\/index.php?rest_route=%2Fwp%2Fv2%2Fproduct_cat&post=108227"},{"taxonomy":"product_tag","embeddable":true,"href":"https:\/\/ifoffice.pt\/index.php?rest_route=%2Fwp%2Fv2%2Fproduct_tag&post=108227"}],"curies":[{"name":"wp","href":"https:\/\/api.w.org\/{rel}","templated":true}]}}

<p>PASTA DE MÃO FABRICADA EM IMITAÇÃO PELE. COM FECHO METÁLICO DE CHAVE. CONTPASTA DE MÃO FABRICADA EM IMITAÇÃO PELE. COM FECHO METÁLICO DE CHAVE. CONTÉM DOIS COMPARTIMENTOS COM FOLE NO SEU INTERIOR. MEDIDAS: 370 X 300 MM.</p>
