{"id":108160,"date":"2023-03-07T10:52:08","date_gmt":"2023-03-07T10:52:08","guid":{"rendered":"https:\/\/ifoffice.pt\/?post_type=product&#038;p=108160"},"modified":"2026-02-23T14:55:18","modified_gmt":"2026-02-23T14:55:18","slug":"bolsa-dossier-dossier-plasticoq-connect-folio-transparente-2","status":"publish","type":"product","link":"https:\/\/ifoffice.pt\/?product=bolsa-dossier-dossier-plasticoq-connect-folio-transparente-2","title":{"rendered":"Bolsa dossier dossier plasticoq-connect folio transparente"},"content":{"rendered":"<p>Fabricada em PVC. Com abertura superior e lateral. Fabricada em pl\u00e1stico. Formato f\u00f3lio. Cor cristal transparente. 180 microns. Formato f\u00f3lio.<\/p>\n","protected":false},"excerpt":{"rendered":"<p>PACK DE 100 UNIDADES<\/p>\n","protected":false},"featured_media":127160,"comment_status":"open","ping_status":"closed","template":"","meta":{"neve_meta_sidebar":"","neve_meta_container":"","neve_meta_enable_content_width":"","neve_meta_content_width":0,"neve_meta_title_alignment":"","neve_meta_author_avatar":"","neve_post_elements_order":"","neve_meta_disable_header":"","neve_meta_disable_footer":"","neve_meta_disable_title":""},"product_brand":[],"product_cat":[1894],"product_tag":[],"class_list":{"0":"post-108160","1":"product","2":"type-product","3":"status-publish","4":"has-post-thumbnail","6":"product_cat-dossier","8":"first","9":"instock","10":"taxable","11":"shipping-taxable","12":"purchasable","13":"product-type-simple"},"_links":{"self":[{"href":"https:\/\/ifoffice.pt\/index.php?rest_route=\/wp\/v2\/product\/108160","targetHints":{"allow":["GET"]}}],"collection":[{"href":"https:\/\/ifoffice.pt\/index.php?rest_route=\/wp\/v2\/product"}],"about":[{"href":"https:\/\/ifoffice.pt\/index.php?rest_route=\/wp\/v2\/types\/product"}],"replies":[{"embeddable":true,"href":"https:\/\/ifoffice.pt\/index.php?rest_route=%2Fwp%2Fv2%2Fcomments&post=108160"}],"wp:featuredmedia":[{"embeddable":true,"href":"https:\/\/ifoffice.pt\/index.php?rest_route=\/wp\/v2\/media\/127160"}],"wp:attachment":[{"href":"https:\/\/ifoffice.pt\/index.php?rest_route=%2Fwp%2Fv2%2Fmedia&parent=108160"}],"wp:term":[{"taxonomy":"product_brand","embeddable":true,"href":"https:\/\/ifoffice.pt\/index.php?rest_route=%2Fwp%2Fv2%2Fproduct_brand&post=108160"},{"taxonomy":"product_cat","embeddable":true,"href":"https:\/\/ifoffice.pt\/index.php?rest_route=%2Fwp%2Fv2%2Fproduct_cat&post=108160"},{"taxonomy":"product_tag","embeddable":true,"href":"https:\/\/ifoffice.pt\/index.php?rest_route=%2Fwp%2Fv2%2Fproduct_tag&post=108160"}],"curies":[{"name":"wp","href":"https:\/\/api.w.org\/{rel}","templated":true}]}}